Last updated on 2025-10-09 15:50:10 CEST.
Flavor | Version | Tinstall | Tcheck | Ttotal | Status | Flags |
---|---|---|---|---|---|---|
r-devel-linux-x86_64-debian-clang | 1.3-1 | 13.52 | 119.14 | 132.66 | WARN | |
r-devel-linux-x86_64-debian-gcc | 1.3-1 | 8.61 | 83.79 | 92.40 | WARN | |
r-devel-linux-x86_64-fedora-clang | 1.3-1 | 203.74 | WARN | |||
r-devel-linux-x86_64-fedora-gcc | 1.3-1 | 212.56 | WARN | |||
r-devel-windows-x86_64 | 1.3-1 | 16.00 | 126.00 | 142.00 | WARN | |
r-patched-linux-x86_64 | 1.3-1 | 12.96 | 109.04 | 122.00 | WARN | |
r-release-linux-x86_64 | 1.3-1 | 10.62 | 111.37 | 121.99 | WARN | |
r-release-macos-arm64 | 1.3-1 | 72.00 | OK | |||
r-release-macos-x86_64 | 1.3-1 | 164.00 | OK | |||
r-release-windows-x86_64 | 1.3-1 | 16.00 | 126.00 | 142.00 | WARN | |
r-oldrel-macos-arm64 | 1.3-1 | 75.00 | OK | |||
r-oldrel-macos-x86_64 | 1.3-1 | 233.00 | OK | |||
r-oldrel-windows-x86_64 | 1.3-1 | 20.00 | 155.00 | 175.00 | WARN |
Version: 1.3-1
Check: re-building of vignette outputs
Result: WARN
Error(s) in re-building vignettes:
...
--- re-building ‘mhurdle.Rmd’ using rmarkdown
[WARNING] Deprecated: --highlight-style. Use --syntax-highlighting instead.
! LaTeX Error: Environment talltblr undefined.
Error: processing vignette 'mhurdle.Rmd' failed with diagnostics:
LaTeX failed to compile /home/hornik/tmp/R.check/r-devel-clang/Work/PKGS/mhurdle.Rcheck/vign_test/mhurdle/vignettes/mhurdle.tex. See https://yihui.org/tinytex/r/#debugging for debugging tips. See mhurdle.log for more info.
--- failed re-building ‘mhurdle.Rmd’
SUMMARY: processing the following file failed:
‘mhurdle.Rmd’
Error: Vignette re-building failed.
Execution halted
Flavor: r-devel-linux-x86_64-debian-clang
Version: 1.3-1
Check: re-building of vignette outputs
Result: WARN
Error(s) in re-building vignettes:
...
--- re-building ‘mhurdle.Rmd’ using rmarkdown
[WARNING] Deprecated: --highlight-style. Use --syntax-highlighting instead.
! LaTeX Error: Environment talltblr undefined.
Error: processing vignette 'mhurdle.Rmd' failed with diagnostics:
LaTeX failed to compile /home/hornik/tmp/R.check/r-devel-gcc/Work/PKGS/mhurdle.Rcheck/vign_test/mhurdle/vignettes/mhurdle.tex. See https://yihui.org/tinytex/r/#debugging for debugging tips. See mhurdle.log for more info.
--- failed re-building ‘mhurdle.Rmd’
SUMMARY: processing the following file failed:
‘mhurdle.Rmd’
Error: Vignette re-building failed.
Execution halted
Flavor: r-devel-linux-x86_64-debian-gcc
Version: 1.3-1
Check: re-building of vignette outputs
Result: WARN
Error(s) in re-building vignettes:
--- re-building ‘mhurdle.Rmd’ using rmarkdown
[WARNING] Deprecated: --highlight-style. Use --syntax-highlighting instead.
! LaTeX Error: Environment talltblr undefined.
Error: processing vignette 'mhurdle.Rmd' failed with diagnostics:
LaTeX failed to compile /data/gannet/ripley/R/packages/tests-clang/mhurdle.Rcheck/vign_test/mhurdle/vignettes/mhurdle.tex. See https://yihui.org/tinytex/r/#debugging for debugging tips. See mhurdle.log for more info.
--- failed re-building ‘mhurdle.Rmd’
SUMMARY: processing the following file failed:
‘mhurdle.Rmd’
Error: Vignette re-building failed.
Execution halted
Flavor: r-devel-linux-x86_64-fedora-clang
Version: 1.3-1
Check: re-building of vignette outputs
Result: WARN
Error(s) in re-building vignettes:
--- re-building ‘mhurdle.Rmd’ using rmarkdown
[WARNING] Deprecated: --highlight-style. Use --syntax-highlighting instead.
! LaTeX Error: Environment talltblr undefined.
Error: processing vignette 'mhurdle.Rmd' failed with diagnostics:
LaTeX failed to compile /data/gannet/ripley/R/packages/tests-devel/mhurdle.Rcheck/vign_test/mhurdle/vignettes/mhurdle.tex. See https://yihui.org/tinytex/r/#debugging for debugging tips. See mhurdle.log for more info.
--- failed re-building ‘mhurdle.Rmd’
SUMMARY: processing the following file failed:
‘mhurdle.Rmd’
Error: Vignette re-building failed.
Execution halted
Flavor: r-devel-linux-x86_64-fedora-gcc
Version: 1.3-1
Check: re-building of vignette outputs
Result: WARN
Error(s) in re-building vignettes:
--- re-building 'mhurdle.Rmd' using rmarkdown
! LaTeX Error: Environment talltblr undefined.
Error: processing vignette 'mhurdle.Rmd' failed with diagnostics:
LaTeX failed to compile D:/RCompile/CRANpkg/local/4.6/mhurdle.Rcheck/vign_test/mhurdle/vignettes/mhurdle.tex. See https://yihui.org/tinytex/r/#debugging for debugging tips. See mhurdle.log for more info.
--- failed re-building 'mhurdle.Rmd'
SUMMARY: processing the following file failed:
'mhurdle.Rmd'
Error: Vignette re-building failed.
Execution halted
Flavor: r-devel-windows-x86_64
Version: 1.3-1
Check: re-building of vignette outputs
Result: WARN
Error(s) in re-building vignettes:
...
--- re-building ‘mhurdle.Rmd’ using rmarkdown
[WARNING] Deprecated: --highlight-style. Use --syntax-highlighting instead.
! LaTeX Error: Environment talltblr undefined.
Error: processing vignette 'mhurdle.Rmd' failed with diagnostics:
LaTeX failed to compile /home/hornik/tmp/R.check/r-patched-gcc/Work/PKGS/mhurdle.Rcheck/vign_test/mhurdle/vignettes/mhurdle.tex. See https://yihui.org/tinytex/r/#debugging for debugging tips. See mhurdle.log for more info.
--- failed re-building ‘mhurdle.Rmd’
SUMMARY: processing the following file failed:
‘mhurdle.Rmd’
Error: Vignette re-building failed.
Execution halted
Flavor: r-patched-linux-x86_64
Version: 1.3-1
Check: re-building of vignette outputs
Result: WARN
Error(s) in re-building vignettes:
...
--- re-building ‘mhurdle.Rmd’ using rmarkdown
[WARNING] Deprecated: --highlight-style. Use --syntax-highlighting instead.
! LaTeX Error: Environment talltblr undefined.
Error: processing vignette 'mhurdle.Rmd' failed with diagnostics:
LaTeX failed to compile /home/hornik/tmp/R.check/r-release-gcc/Work/PKGS/mhurdle.Rcheck/vign_test/mhurdle/vignettes/mhurdle.tex. See https://yihui.org/tinytex/r/#debugging for debugging tips. See mhurdle.log for more info.
--- failed re-building ‘mhurdle.Rmd’
SUMMARY: processing the following file failed:
‘mhurdle.Rmd’
Error: Vignette re-building failed.
Execution halted
Flavor: r-release-linux-x86_64
Version: 1.3-1
Check: re-building of vignette outputs
Result: WARN
Error(s) in re-building vignettes:
--- re-building 'mhurdle.Rmd' using rmarkdown
! LaTeX Error: Environment talltblr undefined.
Error: processing vignette 'mhurdle.Rmd' failed with diagnostics:
LaTeX failed to compile D:/RCompile/CRANpkg/local/4.5/mhurdle.Rcheck/vign_test/mhurdle/vignettes/mhurdle.tex. See https://yihui.org/tinytex/r/#debugging for debugging tips. See mhurdle.log for more info.
--- failed re-building 'mhurdle.Rmd'
SUMMARY: processing the following file failed:
'mhurdle.Rmd'
Error: Vignette re-building failed.
Execution halted
Flavor: r-release-windows-x86_64
Version: 1.3-1
Check: re-building of vignette outputs
Result: WARN
Error(s) in re-building vignettes:
--- re-building 'mhurdle.Rmd' using rmarkdown
! LaTeX Error: Environment talltblr undefined.
Error: processing vignette 'mhurdle.Rmd' failed with diagnostics:
LaTeX failed to compile D:/RCompile/CRANpkg/local/4.4/mhurdle.Rcheck/vign_test/mhurdle/vignettes/mhurdle.tex. See https://yihui.org/tinytex/r/#debugging for debugging tips. See mhurdle.log for more info.
--- failed re-building 'mhurdle.Rmd'
SUMMARY: processing the following file failed:
'mhurdle.Rmd'
Error: Vignette re-building failed.
Execution halted
Flavor: r-oldrel-windows-x86_64
These binaries (installable software) and packages are in development.
They may not be fully stable and should be used with caution. We make no claims about them.
Health stats visible at Monitor.