Last updated on 2024-05-02 09:51:48 CEST.
Flavor | Version | Tinstall | Tcheck | Ttotal | Status | Flags |
---|---|---|---|---|---|---|
r-devel-linux-x86_64-debian-clang | 1.5.4 | 5.86 | 80.82 | 86.68 | NOTE | |
r-devel-linux-x86_64-debian-gcc | 1.5.4 | 7.29 | 61.21 | 68.50 | NOTE | |
r-devel-linux-x86_64-fedora-clang | 1.5.4 | 113.90 | NOTE | |||
r-devel-linux-x86_64-fedora-gcc | 1.5.4 | 122.29 | NOTE | |||
r-devel-windows-x86_64 | 1.5.4 | 7.00 | 78.00 | 85.00 | NOTE | |
r-patched-linux-x86_64 | 1.5.4 | 8.71 | 77.94 | 86.65 | NOTE | |
r-release-linux-x86_64 | 1.5.4 | 8.96 | 78.71 | 87.67 | NOTE | |
r-release-macos-arm64 | 1.5.4 | 41.00 | NOTE | |||
r-release-windows-x86_64 | 1.5.4 | 7.00 | 75.00 | 82.00 | NOTE | |
r-oldrel-macos-arm64 | 1.5.4 | 40.00 | OK | |||
r-oldrel-macos-x86_64 | 1.5.4 | 75.00 | OK | |||
r-oldrel-windows-x86_64 | 1.5.4 | 10.00 | 89.00 | 99.00 | OK |
Version: 1.5.4
Check: Rd contents
Result: NOTE
Argument items with no description in Rd file 'predict.mfp.Rd':
‘safe’
Flavors: r-devel-linux-x86_64-debian-clang, r-devel-linux-x86_64-debian-gcc, r-devel-linux-x86_64-fedora-clang, r-devel-linux-x86_64-fedora-gcc, r-devel-windows-x86_64, r-patched-linux-x86_64, r-release-linux-x86_64, r-release-macos-arm64, r-release-windows-x86_64
These binaries (installable software) and packages are in development.
They may not be fully stable and should be used with caution. We make no claims about them.
Health stats visible at Monitor.