Last updated on 2025-05-15 07:49:44 CEST.
Flavor | Version | Tinstall | Tcheck | Ttotal | Status | Flags |
---|---|---|---|---|---|---|
r-devel-linux-x86_64-debian-clang | 2.1.5 | 7.11 | 78.75 | 85.86 | NOTE | |
r-devel-linux-x86_64-debian-gcc | 2.1.5 | 5.55 | 53.39 | 58.94 | NOTE | |
r-devel-linux-x86_64-fedora-clang | 2.1.5 | 145.11 | OK | |||
r-devel-linux-x86_64-fedora-gcc | 2.1.5 | 135.98 | OK | |||
r-devel-windows-x86_64 | 2.1.5 | 9.00 | 84.00 | 93.00 | OK | |
r-patched-linux-x86_64 | 2.1.5 | 8.32 | 73.16 | 81.48 | OK | |
r-release-linux-x86_64 | 2.1.5 | 7.16 | 72.09 | 79.25 | OK | |
r-release-macos-arm64 | 2.1.5 | OK | ||||
r-release-macos-x86_64 | 2.1.5 | 81.00 | OK | |||
r-release-windows-x86_64 | 2.1.5 | 10.00 | 87.00 | 97.00 | OK | |
r-oldrel-macos-arm64 | 2.1.5 | 31.00 | OK | |||
r-oldrel-macos-x86_64 | 2.1.5 | 69.00 | OK | |||
r-oldrel-windows-x86_64 | 2.1.5 | 13.00 | 108.00 | 121.00 | OK |
Version: 2.1.5
Check: CRAN incoming feasibility
Result: NOTE
Maintainer: ‘Min Lu <m.lu6@umiami.edu>’
No Authors@R field in DESCRIPTION.
Please add one, modifying
Authors@R: person(given = "Min",
family = "Lu",
role = c("aut", "cre"),
email = "m.lu6@umiami.edu")
as necessary.
The BugReports field in DESCRIPTION has
https://github.com/luminwin/metavcov/issues/new
which should likely be
https://github.com/luminwin/metavcov/issues/new/issues
instead.
Flavors: r-devel-linux-x86_64-debian-clang, r-devel-linux-x86_64-debian-gcc
These binaries (installable software) and packages are in development.
They may not be fully stable and should be used with caution. We make no claims about them.
Health stats visible at Monitor.