Last updated on 2025-11-26 07:51:00 CET.
| Flavor | Version | Tinstall | Tcheck | Ttotal | Status | Flags |
|---|---|---|---|---|---|---|
| r-devel-linux-x86_64-debian-clang | 4.8-0 | 78.95 | 555.65 | 634.60 | NOTE | |
| r-devel-linux-x86_64-debian-gcc | 4.8-0 | 47.91 | 334.40 | 382.31 | NOTE | |
| r-devel-linux-x86_64-fedora-clang | 4.8-0 | 163.00 | 864.15 | 1027.15 | NOTE | |
| r-devel-linux-x86_64-fedora-gcc | 4.8-0 | 169.00 | 803.34 | 972.34 | NOTE | |
| r-devel-windows-x86_64 | 4.8-0 | 74.00 | 454.00 | 528.00 | OK | |
| r-patched-linux-x86_64 | 4.8-0 | 79.58 | 511.75 | 591.33 | OK | |
| r-release-linux-x86_64 | 4.8-0 | 70.96 | 515.96 | 586.92 | OK | |
| r-release-macos-arm64 | 4.8-0 | OK | ||||
| r-release-macos-x86_64 | 4.8-0 | 80.00 | 449.00 | 529.00 | OK | |
| r-release-windows-x86_64 | 4.8-0 | 68.00 | 456.00 | 524.00 | OK | |
| r-oldrel-macos-arm64 | 4.8-0 | NOTE | ||||
| r-oldrel-macos-x86_64 | 4.8-0 | 67.00 | 379.00 | 446.00 | NOTE | |
| r-oldrel-windows-x86_64 | 4.8-0 | 104.00 | 633.00 | 737.00 | NOTE |
Version: 4.8-0
Check: HTML version of manual
Result: NOTE
Found the following HTML validation problems:
metafor.html:911:192 (aggregate.escalc.Rd:6): Warning: <script> anchor "MathJax-script" already defined
metafor.html:1120:341 (anova.rma.Rd:6): Warning: <script> anchor "MathJax-script" already defined
metafor.html:1493:77 (baujat.Rd:6): Warning: <script> anchor "MathJax-script" already defined
metafor.html:1792:356 (blup.Rd:6): Warning: <script> anchor "MathJax-script" already defined
metafor.html:2281:141 (confint.rma.Rd:13): Warning: <script> anchor "MathJax-script" already defined
metafor.html:2674:109 (conv.2x2.Rd:5): Warning: <script> anchor "MathJax-script" already defined
metafor.html:2889:113 (conv.delta.Rd:5): Warning: <script> anchor "MathJax-script" already defined
metafor.html:3460:136 (conv.wald.Rd:5): Warning: <script> anchor "MathJax-script" already defined
metafor.html:3722:138 (cumul.Rd:8): Warning: <script> anchor "MathJax-script" already defined
metafor.html:3938:77 (deltamethod.Rd:5): Warning: <script> anchor "MathJax-script" already defined
metafor.html:4173:163 (emmprep.Rd:5): Warning: <script> anchor "MathJax-script" already defined
metafor.html:4355:151 (escalc.Rd:5): Warning: <script> anchor "MathJax-script" already defined
metafor.html:5578:123 (fitstats.Rd:12): Warning: <script> anchor "MathJax-script" already defined
metafor.html:6067:61 (forest.default.Rd:5): Warning: <script> anchor "MathJax-script" already defined
metafor.html:6397:77 (forest.rma.Rd:5): Warning: <script> anchor "MathJax-script" already defined
metafor.html:6877:50 (formatters.Rd:9): Warning: <script> anchor "MathJax-script" already defined
metafor.html:7131:78 (fsn.Rd:5): Warning: <script> anchor "MathJax-script" already defined
metafor.html:7356:37 (funnel.Rd:7): Warning: <script> anchor "MathJax-script" already defined
metafor.html:7722:75 (gosh.Rd:6): Warning: <script> anchor "MathJax-script" already defined
metafor.html:7999:237 (influence.rma.mv.Rd:8): Warning: <script> anchor "MathJax-script" already defined
metafor.html:8146:375 (influence.rma.uni.Rd:13): Warning: <script> anchor "MathJax-script" already defined
metafor.html:8357:77 (labbe.Rd:6): Warning: <script> anchor "MathJax-script" already defined
metafor.html:8572:161 (leave1out.Rd:8): Warning: <script> anchor "MathJax-script" already defined
metafor.html:8753:132 (llplot.Rd:5): Warning: <script> anchor "MathJax-script" already defined
metafor.html:8920:84 (matreg.Rd:5): Warning: <script> anchor "MathJax-script" already defined
metafor.html:9613:88 (mfopt.Rd:7): Warning: <script> anchor "MathJax-script" already defined
metafor.html:9696:79 (misc-models.Rd:4): Warning: <script> anchor "MathJax-script" already defined
metafor.html:9868:101 (misc-options.Rd:6): Warning: <script> anchor "MathJax-script" already defined
metafor.html:10124:166 (misc-recs.Rd:6): Warning: <script> anchor "MathJax-script" already defined
metafor.html:10312:99 (pairmat.Rd:5): Warning: <script> anchor "MathJax-script" already defined
metafor.html:10451:115 (permutest.Rd:7): Warning: <script> anchor "MathJax-script" already defined
metafor.html:10696:64 (plot.cumul.rma.Rd:5): Warning: <script> anchor "MathJax-script" already defined
metafor.html:10983:67 (plot.infl.rma.uni.Rd:5): Warning: <script> anchor "MathJax-script" already defined
metafor.html:11400:76 (plot.rma.uni.selmodel.Rd:5): Warning: <script> anchor "MathJax-script" already defined
metafor.html:11663:163 (predict.rma.Rd:7): Warning: <script> anchor "MathJax-script" already defined
metafor.html:11926:100 (print.anova.rma.Rd:6): Warning: <script> anchor "MathJax-script" already defined
metafor.html:12171:139 (print.escalc.Rd:6): Warning: <script> anchor "MathJax-script" already defined
metafor.html:12457:66 (print.hc.rma.uni.Rd:5): Warning: <script> anchor "MathJax-script" already defined
metafor.html:12593:97 (print.matreg.Rd:7): Warning: <script> anchor "MathJax-script" already defined
metafor.html:12918:189 (print.rma.Rd:13): Warning: <script> anchor "MathJax-script" already defined
metafor.html:13078:185 (profile.rma.Rd:12): Warning: <script> anchor "MathJax-script" already defined
metafor.html:13405:136 (qqnorm.rma.Rd:11): Warning: <script> anchor "MathJax-script" already defined
metafor.html:13584:101 (radial.Rd:7): Warning: <script> anchor "MathJax-script" already defined
metafor.html:13799:239 (ranef.Rd:7): Warning: <script> anchor "MathJax-script" already defined
metafor.html:14059:132 (rcalc.Rd:5): Warning: <script> anchor "MathJax-script" already defined
metafor.html:14250:85 (regplot.Rd:7): Warning: <script> anchor "MathJax-script" already defined
metafor.html:14645:99 (regtest.Rd:5): Warning: <script> anchor "MathJax-script" already defined
metafor.html:15107:312 (residuals.rma.Rd:16): Warning: <script> anchor "MathJax-script" already defined
metafor.html:15309:329 (rma.glmm.Rd:5): Warning: <script> anchor "MathJax-script" already defined
metafor.html:15900:268 (rma.mh.Rd:5): Warning: <script> anchor "MathJax-script" already defined
metafor.html:16225:309 (rma.mv.Rd:5): Warning: <script> anchor "MathJax-script" already defined
metafor.html:16748:239 (rma.peto.Rd:5): Warning: <script> anchor "MathJax-script" already defined
metafor.html:16999:317 (rma.uni.Rd:6): Warning: <script> anchor "MathJax-script" already defined
metafor.html:17751:179 (robust.Rd:7): Warning: <script> anchor "MathJax-script" already defined
metafor.html:18065:38 (selmodel.Rd:6): Warning: <script> anchor "MathJax-script" already defined
metafor.html:18824:57 (tes.Rd:6): Warning: <script> anchor "MathJax-script" already defined
metafor.html:19064:88 (to.long.Rd:5): Warning: <script> anchor "MathJax-script" already defined
metafor.html:19300:89 (to.table.Rd:5): Warning: <script> anchor "MathJax-script" already defined
metafor.html:19650:95 (transf.Rd:51): Warning: <script> anchor "MathJax-script" already defined
metafor.html:19974:96 (trimfill.Rd:6): Warning: <script> anchor "MathJax-script" already defined
metafor.html:20236:241 (vcalc.Rd:5): Warning: <script> anchor "MathJax-script" already defined
metafor.html:20579:189 (vcov.rma.Rd:6): Warning: <script> anchor "MathJax-script" already defined
metafor.html:20733:113 (vif.Rd:7): Warning: <script> anchor "MathJax-script" already defined
Flavors: r-devel-linux-x86_64-debian-clang, r-devel-linux-x86_64-debian-gcc, r-devel-linux-x86_64-fedora-clang, r-devel-linux-x86_64-fedora-gcc
Version: 4.8-0
Check: installed package size
Result: NOTE
installed size is 6.2Mb
sub-directories of 1Mb or more:
R 3.1Mb
help 2.3Mb
Flavors: r-oldrel-macos-arm64, r-oldrel-macos-x86_64, r-oldrel-windows-x86_64
These binaries (installable software) and packages are in development.
They may not be fully stable and should be used with caution. We make no claims about them.
Health stats visible at Monitor.