CRAN Package Check Results for Package metacoder

Last updated on 2025-10-10 09:50:34 CEST.

Flavor Version Tinstall Tcheck Ttotal Status Flags
r-devel-linux-x86_64-debian-clang 0.3.8 32.80 196.49 229.29 ERROR
r-devel-linux-x86_64-debian-gcc 0.3.8 22.17 126.46 148.63 ERROR
r-devel-linux-x86_64-fedora-clang 0.3.8 378.13 ERROR
r-devel-linux-x86_64-fedora-gcc 0.3.8 383.58 ERROR
r-devel-windows-x86_64 0.3.8 40.00 245.00 285.00 ERROR
r-patched-linux-x86_64 0.3.8 40.75 184.49 225.24 OK
r-release-linux-x86_64 0.3.8 32.88 183.44 216.32 OK
r-release-macos-arm64 0.3.8 93.00 OK
r-release-macos-x86_64 0.3.8 126.00 OK
r-release-windows-x86_64 0.3.8 39.00 243.00 282.00 OK
r-oldrel-macos-arm64 0.3.8 97.00 OK
r-oldrel-macos-x86_64 0.3.8 133.00 OK
r-oldrel-windows-x86_64 0.3.8 53.00 311.00 364.00 OK

Check Details

Version: 0.3.8
Check: tests
Result: ERROR Running ‘testthat.R’ [42s/49s] Running the tests in ‘tests/testthat.R’ failed. Complete output: > library(testthat) > > suppressPackageStartupMessages(library(metacoder)) > > test_check("metacoder") [ FAIL 1 | WARN 0 | SKIP 5 | PASS 531 ] ══ Skipped tests (5) ═══════════════════════════════════════════════════════════ • On CRAN (5): 'test--parsers_and_writers.R:104:3', 'test--parsers_and_writers.R:203:3', 'test--simulated_pcr.R:19:3', 'test--taxmap_parsers.R:139:3', 'test--taxmap_parsers.R:288:3' ══ Failed tests ════════════════════════════════════════════════════════════════ ── Failure ('test--calculations.R:153:3'): Comparing groups of samples ───────── `... <- NULL` did not produce any warnings. [ FAIL 1 | WARN 0 | SKIP 5 | PASS 531 ] Error: Test failures Execution halted Flavor: r-devel-linux-x86_64-debian-clang

Version: 0.3.8
Check: tests
Result: ERROR Running ‘testthat.R’ [24s/31s] Running the tests in ‘tests/testthat.R’ failed. Complete output: > library(testthat) > > suppressPackageStartupMessages(library(metacoder)) > > test_check("metacoder") [ FAIL 1 | WARN 0 | SKIP 5 | PASS 531 ] ══ Skipped tests (5) ═══════════════════════════════════════════════════════════ • On CRAN (5): 'test--parsers_and_writers.R:104:3', 'test--parsers_and_writers.R:203:3', 'test--simulated_pcr.R:19:3', 'test--taxmap_parsers.R:139:3', 'test--taxmap_parsers.R:288:3' ══ Failed tests ════════════════════════════════════════════════════════════════ ── Failure ('test--calculations.R:153:3'): Comparing groups of samples ───────── `... <- NULL` did not produce any warnings. [ FAIL 1 | WARN 0 | SKIP 5 | PASS 531 ] Error: Test failures Execution halted Flavor: r-devel-linux-x86_64-debian-gcc

Version: 0.3.8
Check: dependencies in R code
Result: NOTE Namespace in Imports field not imported from: ‘R6’ All declared Imports should be used. Flavors: r-devel-linux-x86_64-fedora-clang, r-devel-linux-x86_64-fedora-gcc

Version: 0.3.8
Check: tests
Result: ERROR Running ‘testthat.R’ [69s/176s] Running the tests in ‘tests/testthat.R’ failed. Complete output: > library(testthat) > > suppressPackageStartupMessages(library(metacoder)) > > test_check("metacoder") [ FAIL 1 | WARN 0 | SKIP 5 | PASS 531 ] ══ Skipped tests (5) ═══════════════════════════════════════════════════════════ • On CRAN (5): 'test--parsers_and_writers.R:104:3', 'test--parsers_and_writers.R:203:3', 'test--simulated_pcr.R:19:3', 'test--taxmap_parsers.R:139:3', 'test--taxmap_parsers.R:288:3' ══ Failed tests ════════════════════════════════════════════════════════════════ ── Failure ('test--calculations.R:153:3'): Comparing groups of samples ───────── `... <- NULL` did not produce any warnings. [ FAIL 1 | WARN 0 | SKIP 5 | PASS 531 ] Error: Test failures Execution halted Flavor: r-devel-linux-x86_64-fedora-clang

Version: 0.3.8
Check: tests
Result: ERROR Running ‘testthat.R’ [70s/179s] Running the tests in ‘tests/testthat.R’ failed. Complete output: > library(testthat) > > suppressPackageStartupMessages(library(metacoder)) > > test_check("metacoder") [ FAIL 1 | WARN 0 | SKIP 5 | PASS 531 ] ══ Skipped tests (5) ═══════════════════════════════════════════════════════════ • On CRAN (5): 'test--parsers_and_writers.R:104:3', 'test--parsers_and_writers.R:203:3', 'test--simulated_pcr.R:19:3', 'test--taxmap_parsers.R:139:3', 'test--taxmap_parsers.R:288:3' ══ Failed tests ════════════════════════════════════════════════════════════════ ── Failure ('test--calculations.R:153:3'): Comparing groups of samples ───────── `... <- NULL` did not produce any warnings. [ FAIL 1 | WARN 0 | SKIP 5 | PASS 531 ] Error: Test failures Execution halted Flavor: r-devel-linux-x86_64-fedora-gcc

Version: 0.3.8
Check: tests
Result: ERROR Running 'testthat.R' [35s] Running the tests in 'tests/testthat.R' failed. Complete output: > library(testthat) > > suppressPackageStartupMessages(library(metacoder)) > > test_check("metacoder") [ FAIL 1 | WARN 1 | SKIP 5 | PASS 531 ] ══ Skipped tests (5) ═══════════════════════════════════════════════════════════ • On CRAN (5): 'test--parsers_and_writers.R:104:3', 'test--parsers_and_writers.R:203:3', 'test--simulated_pcr.R:19:3', 'test--taxmap_parsers.R:139:3', 'test--taxmap_parsers.R:288:3' ══ Failed tests ════════════════════════════════════════════════════════════════ ── Failure ('test--calculations.R:153:3'): Comparing groups of samples ───────── `... <- NULL` did not produce any warnings. [ FAIL 1 | WARN 1 | SKIP 5 | PASS 531 ] Error: Test failures Execution halted Flavor: r-devel-windows-x86_64

These binaries (installable software) and packages are in development.
They may not be fully stable and should be used with caution. We make no claims about them.
Health stats visible at Monitor.