Last updated on 2025-02-08 19:49:24 CET.
Flavor | Version | Tinstall | Tcheck | Ttotal | Status | Flags |
---|---|---|---|---|---|---|
r-devel-linux-x86_64-debian-clang | 1.0.7 | 1.75 | 79.57 | 81.32 | NOTE | |
r-devel-linux-x86_64-debian-gcc | 1.0.7 | 1.44 | 51.82 | 53.26 | NOTE | |
r-devel-linux-x86_64-fedora-clang | 1.0.7 | 144.45 | NOTE | |||
r-devel-linux-x86_64-fedora-gcc | 1.0.7 | 143.83 | NOTE | |||
r-devel-windows-x86_64 | 1.0.7 | 3.00 | 45.00 | 48.00 | NOTE | --no-vignettes |
r-patched-linux-x86_64 | 1.0.7 | 1.77 | 73.06 | 74.83 | NOTE | |
r-release-linux-x86_64 | 1.0.7 | 1.72 | 71.99 | 73.71 | NOTE | |
r-release-macos-arm64 | 1.0.7 | 43.00 | NOTE | |||
r-release-macos-x86_64 | 1.0.7 | 76.00 | NOTE | |||
r-release-windows-x86_64 | 1.0.7 | 3.00 | 46.00 | 49.00 | NOTE | --no-vignettes |
r-oldrel-macos-arm64 | 1.0.7 | 65.00 | OK | |||
r-oldrel-macos-x86_64 | 1.0.7 | 123.00 | OK | |||
r-oldrel-windows-x86_64 | 1.0.7 | 3.00 | 49.00 | 52.00 | OK | --no-vignettes |
Version: 1.0.7
Check: Rd files
Result: NOTE
checkRd: (-1) param.Rd:29: Lost braces
29 | T. Strub, S. Giuliano, T. Ye, et al. (2011) Essential role of microphthalmia transcription factor for DNA replication, mitosis and genomic stability in melanoma. emph{Oncogene} \bold{30}:2319-32.
| ^
Flavors: r-devel-linux-x86_64-debian-clang, r-devel-linux-x86_64-debian-gcc, r-devel-linux-x86_64-fedora-clang, r-devel-linux-x86_64-fedora-gcc, r-patched-linux-x86_64, r-release-linux-x86_64, r-release-macos-arm64, r-release-macos-x86_64
Version: 1.0.7
Flags: --no-vignettes
Check: Rd files
Result: NOTE
checkRd: (-1) param.Rd:29: Lost braces
29 | T. Strub, S. Giuliano, T. Ye, et al. (2011) Essential role of microphthalmia transcription factor for DNA replication, mitosis and genomic stability in melanoma. emph{Oncogene} \bold{30}:2319-32.
| ^
Flavors: r-devel-windows-x86_64, r-release-windows-x86_64
These binaries (installable software) and packages are in development.
They may not be fully stable and should be used with caution. We make no claims about them.
Health stats visible at Monitor.