Last updated on 2025-10-30 19:53:29 CET.
| Flavor | Version | Tinstall | Tcheck | Ttotal | Status | Flags | 
|---|---|---|---|---|---|---|
| r-devel-linux-x86_64-debian-clang | 3.1.3 | 3.49 | 41.38 | 44.87 | NOTE | |
| r-devel-linux-x86_64-debian-gcc | 3.1.3 | 2.51 | 31.34 | 33.85 | NOTE | |
| r-devel-linux-x86_64-fedora-clang | 3.1.3 | 18.00 | 53.64 | 71.64 | OK | |
| r-devel-linux-x86_64-fedora-gcc | 3.1.3 | 16.00 | 64.23 | 80.23 | OK | |
| r-devel-windows-x86_64 | 3.1.3 | 4.00 | 70.00 | 74.00 | OK | |
| r-patched-linux-x86_64 | 3.1.3 | 3.44 | 39.74 | 43.18 | OK | |
| r-release-linux-x86_64 | 3.1.3 | 3.04 | 39.09 | 42.13 | OK | |
| r-release-macos-arm64 | 3.1.3 | 2.00 | 33.00 | 35.00 | OK | |
| r-release-macos-x86_64 | 3.1.3 | 3.00 | 51.00 | 54.00 | OK | |
| r-release-windows-x86_64 | 3.1.3 | 8.00 | 75.00 | 83.00 | OK | |
| r-oldrel-macos-arm64 | 3.1.3 | 2.00 | 27.00 | 29.00 | NOTE | |
| r-oldrel-macos-x86_64 | 3.1.3 | 2.00 | 44.00 | 46.00 | OK | |
| r-oldrel-windows-x86_64 | 3.1.3 | 4.00 | 87.00 | 91.00 | OK | 
Version: 3.1.3
Check: CRAN incoming feasibility
Result: NOTE
  Maintainer: ‘Samuel Blanck <samuel.blanck@univ-lille.fr>’
  
  No Authors@R field in DESCRIPTION.
  Please add one, modifying
    Authors@R: c(person(given = "Guillemette",
                        family = "Marot",
                        role = c("aut", "cre")),
                 person(given = "Samuel",
                        family = "Blanck",
                        role = "cre",
                        email = "samuel.blanck@univ-lille.fr"))
  as necessary.
  
  Package CITATION file contains call(s) to old-style personList() or
  as.personList().  Please use c() on person objects instead.
  Package CITATION file contains call(s) to old-style citEntry().  Please
  use bibentry() instead.
Flavors: r-devel-linux-x86_64-debian-clang, r-devel-linux-x86_64-debian-gcc
Version: 3.1.3
Check: package dependencies
Result: NOTE
  Packages suggested but not available for checking:
    'hgu133plus2.db', 'hgu133a.db', 'hgu95av2.db'
Flavor: r-oldrel-macos-arm64
These binaries (installable software) and packages are in development.
They may not be fully stable and should be used with caution. We make no claims about them.
Health stats visible at Monitor.