CRAN Package Check Results for Package meta4diag

Last updated on 2025-05-03 13:51:01 CEST.

Flavor Version Tinstall Tcheck Ttotal Status Flags
r-devel-linux-x86_64-debian-clang 2.1.1 13.22 72.93 86.15 NOTE
r-devel-linux-x86_64-debian-gcc 2.1.1 9.39 51.11 60.50 NOTE
r-devel-linux-x86_64-fedora-clang 2.1.1 140.99 OK
r-devel-linux-x86_64-fedora-gcc 2.1.1 136.46 OK
r-devel-windows-x86_64 2.1.1 15.00 87.00 102.00 OK
r-patched-linux-x86_64 2.1.1 12.83 70.03 82.86 OK
r-release-linux-x86_64 OK
r-release-macos-arm64 2.1.1 42.00 OK
r-release-macos-x86_64 2.1.1 80.00 OK
r-release-windows-x86_64 2.1.1 15.00 86.00 101.00 OK
r-oldrel-macos-arm64 2.1.1 36.00 NOTE
r-oldrel-macos-x86_64 2.1.1 56.00 NOTE
r-oldrel-windows-x86_64 2.1.1 20.00 103.00 123.00 OK

Check Details

Version: 2.1.1
Check: CRAN incoming feasibility
Result: NOTE Maintainer: ‘Jingyi Guo <jingyi.guo@ntnu.no>’ No Authors@R field in DESCRIPTION. Please add one, modifying Authors@R: c(person(given = "Jingyi", family = "Guo", role = c("aut", "cre"), email = "jingyi.guo@ntnu.no"), person(given = "Andrea", family = "Riebler", role = "aut", email = "andrea.riebler@ntnu.no")) as necessary. Flavors: r-devel-linux-x86_64-debian-clang, r-devel-linux-x86_64-debian-gcc

Version: 2.1.1
Check: package dependencies
Result: NOTE Package suggested but not available for checking: ‘INLA’ Flavors: r-oldrel-macos-arm64, r-oldrel-macos-x86_64

These binaries (installable software) and packages are in development.
They may not be fully stable and should be used with caution. We make no claims about them.
Health stats visible at Monitor.