Last updated on 2025-10-22 21:50:09 CEST.
Flavor | Version | Tinstall | Tcheck | Ttotal | Status | Flags |
---|---|---|---|---|---|---|
r-devel-linux-x86_64-debian-clang | 0.18.2 | 14.80 | 298.65 | 313.45 | NOTE | |
r-devel-linux-x86_64-debian-gcc | 0.18.2 | 9.27 | 201.26 | 210.53 | OK | |
r-devel-linux-x86_64-fedora-clang | 0.18.2 | 50.00 | 457.47 | 507.47 | OK | |
r-devel-linux-x86_64-fedora-gcc | 0.18.2 | 29.00 | 453.87 | 482.87 | OK | |
r-devel-windows-x86_64 | 0.18.2 | 19.00 | 306.00 | 325.00 | OK | |
r-patched-linux-x86_64 | 0.18.2 | 18.33 | 280.11 | 298.44 | OK | |
r-release-linux-x86_64 | 0.18.2 | 14.95 | 284.68 | 299.63 | OK | |
r-release-macos-arm64 | 0.18.2 | 6.00 | 125.00 | 131.00 | OK | |
r-release-macos-x86_64 | 0.18.2 | 22.00 | 322.00 | 344.00 | OK | |
r-release-windows-x86_64 | 0.18.2 | 18.00 | 305.00 | 323.00 | OK | |
r-oldrel-macos-arm64 | 0.18.2 | 6.00 | 126.00 | 132.00 | OK | |
r-oldrel-macos-x86_64 | 0.18.2 | 16.00 | 291.00 | 307.00 | OK | |
r-oldrel-windows-x86_64 | 0.18.2 | 25.00 | 406.00 | 431.00 | OK |
Version: 0.18.2
Check: HTML version of manual
Result: NOTE
Found the following HTML validation problems:
Trajectory.html:63:1 (Trajectory.Rd:19): Warning: missing </ul> before </div>
cut.eof.html:55:1 (cut.eof.Rd:14): Warning: missing </ul> before </div>
denormalise.html:53:1 (denormalise.Rd:15): Warning: missing </ul> before </div>
label_placers.html:118:1 (label_placers.Rd:84): Warning: missing </ul> before </div>
label_scales.html:218:1 (label_scales.Rd:118): Warning: missing </ul> before </div>
scale_stroke.colour_continuous.html:40:1 (scale_stroke.colour_continuous.Rd:7): Warning: missing </ul> before </div>
Flavor: r-devel-linux-x86_64-debian-clang
These binaries (installable software) and packages are in development.
They may not be fully stable and should be used with caution. We make no claims about them.
Health stats visible at Monitor.