Last updated on 2025-05-03 22:49:59 CEST.
Flavor | Version | Tinstall | Tcheck | Ttotal | Status | Flags |
---|---|---|---|---|---|---|
r-devel-linux-x86_64-debian-clang | 1.0.0 | 15.30 | 123.97 | 139.27 | NOTE | |
r-devel-linux-x86_64-debian-gcc | 1.0.0 | 11.15 | 90.13 | 101.28 | NOTE | |
r-devel-linux-x86_64-fedora-clang | 1.0.0 | 207.84 | NOTE | |||
r-devel-linux-x86_64-fedora-gcc | 1.0.0 | 226.13 | NOTE | |||
r-devel-windows-x86_64 | 1.0.0 | 16.00 | 122.00 | 138.00 | NOTE | |
r-patched-linux-x86_64 | 1.0.0 | 15.41 | 116.15 | 131.56 | NOTE | |
r-release-linux-x86_64 | NOTE | |||||
r-release-macos-arm64 | 1.0.0 | 63.00 | NOTE | |||
r-release-macos-x86_64 | 1.0.0 | 141.00 | NOTE | |||
r-release-windows-x86_64 | 1.0.0 | 17.00 | 122.00 | 139.00 | NOTE | |
r-oldrel-macos-arm64 | 1.0.0 | 65.00 | NOTE | |||
r-oldrel-macos-x86_64 | 1.0.0 | 117.00 | NOTE | |||
r-oldrel-windows-x86_64 | 1.0.0 | 22.00 | 153.00 | 175.00 | NOTE |
Version: 1.0.0
Check: CRAN incoming feasibility
Result: NOTE
Maintainer: ‘Blas M. Benito <blasbenito@gmail.com>’
No Authors@R field in DESCRIPTION.
Please add one, modifying
Authors@R: person(given = c("Blas", "M."),
family = "Benito",
role = c("aut", "cre"),
email = "blasbenito@gmail.com")
as necessary.
Found the following URLs which should use \doi (with the DOI name only):
File ‘computeMemory.Rd’:
https://doi.org/10.18637/jss.v077.i01
https://doi.org/10.1023/A:1010933404324
Flavors: r-devel-linux-x86_64-debian-clang, r-devel-linux-x86_64-debian-gcc
Version: 1.0.0
Check: package subdirectories
Result: NOTE
Problems with news in ‘NEWS.md’:
No news entries found.
Flavors: r-devel-linux-x86_64-debian-clang, r-devel-linux-x86_64-debian-gcc, r-devel-linux-x86_64-fedora-clang, r-devel-linux-x86_64-fedora-gcc, r-devel-windows-x86_64, r-patched-linux-x86_64, r-release-linux-x86_64, r-release-macos-arm64, r-release-macos-x86_64, r-release-windows-x86_64, r-oldrel-macos-arm64, r-oldrel-macos-x86_64, r-oldrel-windows-x86_64
These binaries (installable software) and packages are in development.
They may not be fully stable and should be used with caution. We make no claims about them.
Health stats visible at Monitor.