Last updated on 2025-02-23 15:49:49 CET.
Flavor | Version | Tinstall | Tcheck | Ttotal | Status | Flags |
---|---|---|---|---|---|---|
r-devel-linux-x86_64-debian-clang | 0.4.1 | 6.51 | 179.46 | 185.97 | NOTE | |
r-devel-linux-x86_64-debian-gcc | 0.4.1 | 3.87 | 140.35 | 144.22 | NOTE | |
r-devel-linux-x86_64-fedora-clang | 0.4.1 | 291.38 | NOTE | |||
r-devel-linux-x86_64-fedora-gcc | 0.4.1 | 311.31 | NOTE | |||
r-devel-macos-arm64 | 0.4.1 | 122.00 | NOTE | |||
r-devel-macos-x86_64 | 0.4.1 | 224.00 | NOTE | |||
r-devel-windows-x86_64 | 0.4.1 | 8.00 | 257.00 | 265.00 | NOTE | |
r-patched-linux-x86_64 | 0.4.1 | 6.77 | 173.08 | 179.85 | NOTE | |
r-release-linux-x86_64 | 0.4.1 | 6.17 | 172.72 | 178.89 | NOTE | |
r-release-macos-arm64 | 0.4.1 | 111.00 | NOTE | |||
r-release-macos-x86_64 | 0.4.1 | 171.00 | NOTE | |||
r-release-windows-x86_64 | 0.4.1 | 7.00 | 254.00 | 261.00 | NOTE | |
r-oldrel-macos-arm64 | 0.4.1 | 129.00 | OK | |||
r-oldrel-macos-x86_64 | 0.4.1 | 221.00 | OK | |||
r-oldrel-windows-x86_64 | 0.4.1 | 9.00 | 281.00 | 290.00 | OK |
Version: 0.4.1
Check: Rd files
Result: NOTE
checkRd: (-1) strings-internal.Rd:14: Lost braces
14 | code{stringPlaceExact}: find location of string, using exact match
| ^
checkRd: (-1) strings-internal.Rd:17: Lost braces
17 | code{stringPlaceFuzzy}: find location of string, using partial match
| ^
checkRd: (-1) strings-internal.Rd:19: Lost braces
19 | code{stringPlace}: find location of string, generic
| ^
checkRd: (-1) strings-internal.Rd:21: Lost braces
21 | code{checkFuzzy}: check for "close" string matches
| ^
Flavors: r-devel-linux-x86_64-debian-clang, r-devel-linux-x86_64-debian-gcc, r-devel-linux-x86_64-fedora-clang, r-devel-linux-x86_64-fedora-gcc, r-devel-macos-arm64, r-devel-macos-x86_64, r-devel-windows-x86_64, r-patched-linux-x86_64, r-release-linux-x86_64, r-release-macos-arm64, r-release-macos-x86_64, r-release-windows-x86_64
These binaries (installable software) and packages are in development.
They may not be fully stable and should be used with caution. We make no claims about them.
Health stats visible at Monitor.