Last updated on 2025-05-15 11:50:06 CEST.
Flavor | Version | Tinstall | Tcheck | Ttotal | Status | Flags |
---|---|---|---|---|---|---|
r-devel-linux-x86_64-debian-clang | 0.3.2 | 1.92 | 67.64 | 69.56 | NOTE | |
r-devel-linux-x86_64-debian-gcc | 0.3.2 | 1.64 | 47.15 | 48.79 | NOTE | |
r-devel-linux-x86_64-fedora-clang | 0.3.2 | 112.90 | NOTE | |||
r-devel-linux-x86_64-fedora-gcc | 0.3.2 | 124.14 | NOTE | |||
r-devel-windows-x86_64 | 0.3.2 | 3.00 | 79.00 | 82.00 | NOTE | |
r-patched-linux-x86_64 | 0.3.2 | 2.20 | 61.26 | 63.46 | NOTE | |
r-release-linux-x86_64 | 0.3.2 | 1.88 | 62.06 | 63.94 | NOTE | |
r-release-macos-arm64 | 0.3.2 | 44.00 | NOTE | |||
r-release-macos-x86_64 | 0.3.2 | 87.00 | NOTE | |||
r-release-windows-x86_64 | 0.3.2 | 4.00 | 80.00 | 84.00 | NOTE | |
r-oldrel-macos-arm64 | 0.3.2 | 40.00 | NOTE | |||
r-oldrel-macos-x86_64 | 0.3.2 | 61.00 | NOTE | |||
r-oldrel-windows-x86_64 | 0.3.2 | 5.00 | 140.00 | 145.00 | NOTE |
Version: 0.3.2
Check: CRAN incoming feasibility
Result: NOTE
Maintainer: ‘Axel Gandy <a.gandy@imperial.ac.uk>’
The Description field contains
described in Gandy and Scott (2020) <arXiv:2001.06465>.
Please refer to arXiv e-prints via their arXiv DOI <doi:10.48550/arXiv.YYMM.NNNNN>.
Flavors: r-devel-linux-x86_64-debian-clang, r-devel-linux-x86_64-debian-gcc
Version: 0.3.2
Check: package subdirectories
Result: NOTE
Problems with news in ‘NEWS.md’:
Cannot extract version info from the following section titles:
Initial version.
Flavors: r-devel-linux-x86_64-debian-clang, r-devel-linux-x86_64-debian-gcc, r-devel-linux-x86_64-fedora-clang, r-devel-linux-x86_64-fedora-gcc, r-devel-windows-x86_64, r-patched-linux-x86_64, r-release-linux-x86_64, r-release-macos-arm64, r-release-macos-x86_64, r-release-windows-x86_64, r-oldrel-macos-arm64, r-oldrel-macos-x86_64, r-oldrel-windows-x86_64
These binaries (installable software) and packages are in development.
They may not be fully stable and should be used with caution. We make no claims about them.
Health stats visible at Monitor.