Last updated on 2025-02-08 19:49:24 CET.
Flavor | Version | Tinstall | Tcheck | Ttotal | Status | Flags |
---|---|---|---|---|---|---|
r-devel-linux-x86_64-debian-clang | 1.1.3 | 468.87 | 120.59 | 589.46 | OK | --no-vignettes |
r-devel-linux-x86_64-debian-gcc | 1.1.3 | 294.54 | 68.80 | 363.34 | OK | --no-vignettes |
r-devel-linux-x86_64-fedora-clang | 1.1.3 | 1344.72 | NOTE | --no-vignettes | ||
r-devel-linux-x86_64-fedora-gcc | 1.1.3 | 1230.87 | NOTE | --no-vignettes | ||
r-devel-windows-x86_64 | 1.1.3 | 474.00 | 74.00 | 548.00 | OK | --no-vignettes |
r-patched-linux-x86_64 | 1.1.3 | 421.93 | 113.06 | 534.99 | OK | --no-vignettes |
r-release-linux-x86_64 | 1.1.3 | 427.79 | 130.94 | 558.73 | OK | --no-vignettes |
r-release-macos-arm64 | 1.1.3 | 1803.00 | NOTE | |||
r-release-macos-x86_64 | 1.1.3 | 1803.00 | NOTE | |||
r-release-windows-x86_64 | 1.1.3 | 477.00 | 76.00 | 553.00 | NOTE | --no-vignettes |
r-oldrel-macos-arm64 | 1.1.3 | 1803.00 | NOTE | |||
r-oldrel-macos-x86_64 | 1.1.3 | 1803.00 | ERROR | |||
r-oldrel-windows-x86_64 | 1.1.3 | 555.00 | 82.00 | 637.00 | NOTE | --no-vignettes |
Version: 1.1.3
Flags: --no-vignettes
Check: compiled code
Result: NOTE
File ‘mcemGLM/libs/mcemGLM.so’:
Found no calls to: ‘R_registerRoutines’, ‘R_useDynamicSymbols’
It is good practice to register native routines and to disable symbol
search.
See ‘Writing portable packages’ in the ‘Writing R Extensions’ manual.
Flavors: r-devel-linux-x86_64-fedora-clang, r-devel-linux-x86_64-fedora-gcc
Version: 1.1.3
Check: installed package size
Result: NOTE
installed size is 16.3Mb
sub-directories of 1Mb or more:
doc 3.8Mb
libs 12.3Mb
Flavors: r-release-macos-arm64, r-release-macos-x86_64, r-oldrel-macos-arm64, r-oldrel-macos-x86_64
Version: 1.1.3
Flags: --no-vignettes
Check: installed package size
Result: NOTE
installed size is 5.4Mb
sub-directories of 1Mb or more:
doc 3.8Mb
libs 1.4Mb
Flavors: r-release-windows-x86_64, r-oldrel-windows-x86_64
Version: 1.1.3
Check: running R code from vignettes
Result: ERROR
Errors in running code in vignettes:
when running code in ‘mcemGLM-vignette.Rnw’
...
6 : 6 6 : 6 Max. :1.000
(Other):324 (Other):324
> fitBernoulli <- mcemGLMM(fixed = Mate ~ 0 + Cross,
+ random = list(~0 + Female, ~0 + Male), data = salamander,
+ family = "bernoulli", vcD .... [TRUNCATED]
Execution halted
... incomplete output. Crash?
‘mcemGLM-vignette.Rnw’... failed to complete the test
* checking re-building of vignette outputs ...* using check arguments '--no-clean-on-error '
Flavor: r-oldrel-macos-x86_64
These binaries (installable software) and packages are in development.
They may not be fully stable and should be used with caution. We make no claims about them.
Health stats visible at Monitor.