CRAN Package Check Results for Package mcb

Last updated on 2025-05-03 22:49:59 CEST.

Flavor Version Tinstall Tcheck Ttotal Status Flags
r-devel-linux-x86_64-debian-clang 0.1.15 8.75 108.93 117.68 NOTE
r-devel-linux-x86_64-debian-gcc 0.1.15 6.77 75.16 81.93 NOTE
r-devel-linux-x86_64-fedora-clang 0.1.15 173.25 NOTE
r-devel-linux-x86_64-fedora-gcc 0.1.15 179.08 NOTE
r-devel-windows-x86_64 0.1.15 12.00 109.00 121.00 OK
r-patched-linux-x86_64 0.1.15 8.91 102.03 110.94 OK
r-release-linux-x86_64 OK
r-release-macos-arm64 0.1.15 63.00 OK
r-release-macos-x86_64 0.1.15 96.00 OK
r-release-windows-x86_64 0.1.15 11.00 107.00 118.00 OK
r-oldrel-macos-arm64 0.1.15 50.00 OK
r-oldrel-macos-x86_64 0.1.15 78.00 OK
r-oldrel-windows-x86_64 0.1.15 14.00 137.00 151.00 OK

Check Details

Version: 0.1.15
Check: CRAN incoming feasibility
Result: NOTE Maintainer: ‘Heming Deng<dheming@ruc.edu.cn>’ No Authors@R field in DESCRIPTION. Please add one, modifying Authors@R: c(person(given = "Yang", family = "Li", role = "aut"), person(given = "Yichen", family = "Qin", role = "aut"), person(given = "Heming", family = "Deng", role = c("aut", "cre"), email = "dheming@ruc.edu.cn")) as necessary. Flavors: r-devel-linux-x86_64-debian-clang, r-devel-linux-x86_64-debian-gcc

Version: 0.1.15
Check: dependencies in R code
Result: NOTE Namespaces in Imports field not imported from: ‘MASS’ ‘lars’ ‘methods’ ‘parallel’ ‘smoothmest’ All declared Imports should be used. Flavors: r-devel-linux-x86_64-fedora-clang, r-devel-linux-x86_64-fedora-gcc

These binaries (installable software) and packages are in development.
They may not be fully stable and should be used with caution. We make no claims about them.
Health stats visible at Monitor.