CRAN Package Check Results for Package mbrglm

Last updated on 2025-05-07 20:49:49 CEST.

Flavor Version Tinstall Tcheck Ttotal Status Flags
r-devel-linux-x86_64-debian-clang 0.0.1 2.69 21.10 23.79 NOTE
r-devel-linux-x86_64-debian-gcc 0.0.1 2.04 16.85 18.89 NOTE
r-devel-linux-x86_64-fedora-clang 0.0.1 36.32 NOTE
r-devel-linux-x86_64-fedora-gcc 0.0.1 35.47 NOTE
r-devel-windows-x86_64 0.0.1 5.00 42.00 47.00 OK
r-patched-linux-x86_64 0.0.1 2.40 20.37 22.77 OK
r-release-linux-x86_64 0.0.1 2.42 20.48 22.90 OK
r-release-macos-arm64 0.0.1 21.00 OK
r-release-macos-x86_64 0.0.1 28.00 OK
r-release-windows-x86_64 0.0.1 6.00 45.00 51.00 OK
r-oldrel-macos-arm64 0.0.1 17.00 OK
r-oldrel-macos-x86_64 0.0.1 23.00 OK
r-oldrel-windows-x86_64 0.0.1 5.00 47.00 52.00 OK

Check Details

Version: 0.0.1
Check: CRAN incoming feasibility
Result: NOTE Maintainer: ‘Euloge C. Kenne Pagui <kenne@stat.unipd.it>’ No Authors@R field in DESCRIPTION. Please add one, modifying Authors@R: c(person(given = c("Euloge", "Clovis", "Kenne"), family = "Pagui", role = "aut"), person(given = "Nicola", family = "Sartori", role = "aut"), person(given = "Alessandra", family = "Salvan", role = "aut"), person(given = c("Euloge", "C.", "Kenne"), family = "Pagui", role = "cre", email = "kenne@stat.unipd.it")) as necessary. The Description field contains <https://arxiv.org/abs/1604.04768>) to median bias reduction. This Please refer to arXiv e-prints via their arXiv DOI <doi:10.48550/arXiv.YYMM.NNNNN>. Flavors: r-devel-linux-x86_64-debian-clang, r-devel-linux-x86_64-debian-gcc

Version: 0.0.1
Check: compiled code
Result: NOTE File ‘mbrglm/libs/mbrglm.so’: Found no calls to: ‘R_registerRoutines’, ‘R_useDynamicSymbols’ It is good practice to register native routines and to disable symbol search. See ‘Writing portable packages’ in the ‘Writing R Extensions’ manual. Flavors: r-devel-linux-x86_64-fedora-clang, r-devel-linux-x86_64-fedora-gcc

These binaries (installable software) and packages are in development.
They may not be fully stable and should be used with caution. We make no claims about them.
Health stats visible at Monitor.