Last updated on 2025-05-15 11:50:06 CEST.
Flavor | Version | Tinstall | Tcheck | Ttotal | Status | Flags |
---|---|---|---|---|---|---|
r-devel-linux-x86_64-debian-clang | 0.1.3 | 4.34 | 38.57 | 42.91 | WARN | |
r-devel-linux-x86_64-debian-gcc | 0.1.3 | 3.48 | 28.56 | 32.04 | WARN | |
r-devel-linux-x86_64-fedora-clang | 0.1.3 | 66.18 | NOTE | |||
r-devel-linux-x86_64-fedora-gcc | 0.1.3 | 65.63 | NOTE | |||
r-devel-windows-x86_64 | 0.1.3 | 7.00 | 72.00 | 79.00 | OK | |
r-patched-linux-x86_64 | 0.1.3 | 5.54 | 36.50 | 42.04 | NOTE | |
r-release-linux-x86_64 | 0.1.3 | 4.17 | 37.03 | 41.20 | NOTE | |
r-release-macos-arm64 | 0.1.3 | 27.00 | OK | |||
r-release-macos-x86_64 | 0.1.3 | 47.00 | OK | |||
r-release-windows-x86_64 | 0.1.3 | 8.00 | 72.00 | 80.00 | OK | |
r-oldrel-macos-arm64 | 0.1.3 | 24.00 | OK | |||
r-oldrel-macos-x86_64 | 0.1.3 | 32.00 | OK | |||
r-oldrel-windows-x86_64 | 0.1.3 | 9.00 | 80.00 | 89.00 | OK |
Version: 0.1.3
Check: CRAN incoming feasibility
Result: NOTE
Maintainer: ‘Bao Sheng Loe (Aiden) <bsl28@cam.ac.uk>’
No Authors@R field in DESCRIPTION.
Please add one, modifying
Authors@R: c(person(given = c("Bao", "Sheng"),
family = "Loe",
role = c("aut", "cre", "cph"),
email = "bsl28@cam.ac.uk",
comment = "Aiden"),
person(given = "Maria",
family = "Sanchez",
role = "ctb"))
as necessary.
Flavors: r-devel-linux-x86_64-debian-clang, r-devel-linux-x86_64-debian-gcc
Version: 0.1.3
Check: top-level files
Result: WARN
Conversion of ‘NEWS.md’ failed:
Error parsing YAML metadata at "/home/hornik/tmp/R.check/r-devel-clang/Work/PKGS/mazeGen/NEWS.md" (line 5, column 1):
YAML parse exception at line 5, column 1,
while scanning an alias:
did not find expected alphabetic or numeric character
Flavor: r-devel-linux-x86_64-debian-clang
Version: 0.1.3
Check: for non-standard things in the check directory
Result: NOTE
Found the following files/directories:
‘map_5.png’ ‘maze_5.html’
Flavors: r-devel-linux-x86_64-debian-clang, r-devel-linux-x86_64-debian-gcc, r-devel-linux-x86_64-fedora-clang, r-devel-linux-x86_64-fedora-gcc, r-patched-linux-x86_64, r-release-linux-x86_64
Version: 0.1.3
Check: top-level files
Result: WARN
Conversion of ‘NEWS.md’ failed:
Error parsing YAML metadata at "/home/hornik/tmp/R.check/r-devel-gcc/Work/PKGS/mazeGen/NEWS.md" (line 5, column 1):
YAML parse exception at line 5, column 1,
while scanning an alias:
did not find expected alphabetic or numeric character
Flavor: r-devel-linux-x86_64-debian-gcc
These binaries (installable software) and packages are in development.
They may not be fully stable and should be used with caution. We make no claims about them.
Health stats visible at Monitor.