Last updated on 2025-05-15 07:49:43 CEST.
Flavor | Version | Tinstall | Tcheck | Ttotal | Status | Flags |
---|---|---|---|---|---|---|
r-devel-linux-x86_64-debian-clang | 1.0 | 3.07 | 29.28 | 32.35 | NOTE | |
r-devel-linux-x86_64-debian-gcc | 1.0 | 2.52 | 22.33 | 24.85 | NOTE | |
r-devel-linux-x86_64-fedora-clang | 1.0 | 50.04 | OK | |||
r-devel-linux-x86_64-fedora-gcc | 1.0 | 49.87 | OK | |||
r-devel-windows-x86_64 | 1.0 | 4.00 | 53.00 | 57.00 | OK | |
r-patched-linux-x86_64 | 1.0 | 3.16 | 28.23 | 31.39 | OK | |
r-release-linux-x86_64 | 1.0 | 3.01 | 28.27 | 31.28 | OK | |
r-release-macos-arm64 | 1.0 | OK | ||||
r-release-macos-x86_64 | 1.0 | 32.00 | OK | |||
r-release-windows-x86_64 | 1.0 | 4.00 | 53.00 | 57.00 | OK | |
r-oldrel-macos-arm64 | 1.0 | 20.00 | OK | |||
r-oldrel-macos-x86_64 | 1.0 | 30.00 | OK | |||
r-oldrel-windows-x86_64 | 1.0 | 6.00 | 56.00 | 62.00 | OK |
Version: 1.0
Check: CRAN incoming feasibility
Result: NOTE
Maintainer: ‘Tom Prior <tomjamesprior@gmail.com>’
No Authors@R field in DESCRIPTION.
Please add one, modifying
Authors@R: person(given = "Tom",
family = "Prior",
role = c("aut", "cre"),
email = "tomjamesprior@gmail.com")
as necessary.
Found the following URLs which should use \doi (with the DOI name only):
File ‘maxcombo-package.Rd’:
https://doi.org/10.1177/0962280220931560
Flavors: r-devel-linux-x86_64-debian-clang, r-devel-linux-x86_64-debian-gcc
These binaries (installable software) and packages are in development.
They may not be fully stable and should be used with caution. We make no claims about them.
Health stats visible at Monitor.