Last updated on 2025-02-23 19:51:10 CET.
Flavor | Version | Tinstall | Tcheck | Ttotal | Status | Flags |
---|---|---|---|---|---|---|
r-devel-linux-x86_64-debian-clang | 1.0 | 3.96 | 29.83 | 33.79 | NOTE | |
r-devel-linux-x86_64-debian-gcc | 1.0 | 2.78 | 21.60 | 24.38 | NOTE | |
r-devel-linux-x86_64-fedora-clang | 1.0 | 55.81 | NOTE | |||
r-devel-linux-x86_64-fedora-gcc | 1.0 | 59.01 | NOTE | |||
r-devel-macos-arm64 | 1.0 | 20.00 | NOTE | |||
r-devel-macos-x86_64 | 1.0 | 34.00 | NOTE | |||
r-devel-windows-x86_64 | 1.0 | 5.00 | 53.00 | 58.00 | NOTE | |
r-patched-linux-x86_64 | 1.0 | 4.28 | 28.45 | 32.73 | NOTE | |
r-release-linux-x86_64 | 1.0 | 3.73 | 28.44 | 32.17 | NOTE | |
r-release-macos-arm64 | 1.0 | 19.00 | NOTE | |||
r-release-macos-x86_64 | 1.0 | 33.00 | NOTE | |||
r-release-windows-x86_64 | 1.0 | 5.00 | 51.00 | 56.00 | NOTE | |
r-oldrel-macos-arm64 | 1.0 | 24.00 | NOTE | |||
r-oldrel-macos-x86_64 | 1.0 | 27.00 | NOTE | |||
r-oldrel-windows-x86_64 | 1.0 | 6.00 | 57.00 | 63.00 | NOTE |
Version: 1.0
Check: Rd files
Result: NOTE
checkRd: (-1) Rand.index.Rd:22: Lost braces; missing escapes or markup?
22 | The two vectors \code{x} and \code{y} must have equal length. Given a set \eqn{S} and two partitions \eqn{X} and \eqn{Y} of \eqn{S}, the Rand index is the proportion of pairs of elements in \eqn{S} (out of all pairs) that are either concordant in both \eqn{X} and \eqn{Y} (i.e., they belong to the same member of \eqn{X} and to the same member of \eqn{Y}) or discordant (i.e., not concordant) in both \eqn{X} and {Y}.
| ^
checkRd: (-1) predict.matchFeat.Rd:21: Lost braces
21 | The function \code{predict.matchFeat} finds the best matching for new feature vectors relative to an existing set of cluster/class centers. If code{object} results from a call to \code{\link{match.gaussmix}}, the same function is used for prediction (with fixed mean vectors and covariance matrices). In other cases, the function \code{\link{match.template}} is used for prediction.
| ^
Flavors: r-devel-linux-x86_64-debian-clang, r-devel-linux-x86_64-debian-gcc, r-devel-linux-x86_64-fedora-clang, r-devel-linux-x86_64-fedora-gcc, r-devel-macos-arm64, r-devel-macos-x86_64, r-devel-windows-x86_64, r-patched-linux-x86_64, r-release-linux-x86_64, r-release-macos-arm64, r-release-macos-x86_64, r-release-windows-x86_64
Version: 1.0
Check: package dependencies
Result: NOTE
Package suggested but not available for checking: ‘gurobi’
Flavors: r-patched-linux-x86_64, r-release-linux-x86_64, r-release-macos-arm64, r-release-macos-x86_64, r-release-windows-x86_64, r-oldrel-macos-arm64, r-oldrel-macos-x86_64, r-oldrel-windows-x86_64
These binaries (installable software) and packages are in development.
They may not be fully stable and should be used with caution. We make no claims about them.
Health stats visible at Monitor.