Last updated on 2025-02-08 19:49:22 CET.
Flavor | Version | Tinstall | Tcheck | Ttotal | Status | Flags |
---|---|---|---|---|---|---|
r-devel-linux-x86_64-debian-clang | 1.1 | 2.18 | 54.78 | 56.96 | NOTE | |
r-devel-linux-x86_64-debian-gcc | 1.1 | 1.53 | 40.03 | 41.56 | NOTE | |
r-devel-linux-x86_64-fedora-clang | 1.1 | 96.52 | NOTE | |||
r-devel-linux-x86_64-fedora-gcc | 1.1 | 99.89 | NOTE | |||
r-devel-windows-x86_64 | 1.1 | 4.00 | 80.00 | 84.00 | NOTE | |
r-patched-linux-x86_64 | 1.1 | 2.56 | 50.93 | 53.49 | NOTE | |
r-release-linux-x86_64 | 1.1 | 2.39 | 50.48 | 52.87 | NOTE | |
r-release-macos-arm64 | 1.1 | 38.00 | NOTE | |||
r-release-macos-x86_64 | 1.1 | 58.00 | NOTE | |||
r-release-windows-x86_64 | 1.1 | 5.00 | 90.00 | 95.00 | NOTE | |
r-oldrel-macos-arm64 | 1.1 | 40.00 | OK | |||
r-oldrel-macos-x86_64 | 1.1 | 58.00 | OK | |||
r-oldrel-windows-x86_64 | 1.1 | 5.00 | 89.00 | 94.00 | OK |
Version: 1.1
Check: Rd files
Result: NOTE
checkRd: (-1) focalCompare.Rd:14: Lost braces
14 | \item{fun}{The function fun should take multiple numbers, and return a single number. For example mean, modal, min or max. It should also accept a na.rm argument (or ignore it, e.g. as one of the 'dots' arguments. For example, length will fail, but function(x, ...){na.omit(length(x))} works. (Specifications from `raster::focal`)}
| ^
Flavors: r-devel-linux-x86_64-debian-clang, r-devel-linux-x86_64-debian-gcc, r-devel-linux-x86_64-fedora-clang, r-devel-linux-x86_64-fedora-gcc, r-devel-windows-x86_64, r-patched-linux-x86_64, r-release-linux-x86_64, r-release-macos-arm64, r-release-macos-x86_64, r-release-windows-x86_64
These binaries (installable software) and packages are in development.
They may not be fully stable and should be used with caution. We make no claims about them.
Health stats visible at Monitor.