Last updated on 2025-02-23 19:51:10 CET.
Flavor | Version | Tinstall | Tcheck | Ttotal | Status | Flags |
---|---|---|---|---|---|---|
r-devel-linux-x86_64-debian-clang | 1.0.0 | 27.85 | 107.26 | 135.11 | OK | |
r-devel-linux-x86_64-debian-gcc | 1.0.0 | 35.66 | 77.65 | 113.31 | OK | |
r-devel-linux-x86_64-fedora-clang | 1.0.0 | 223.92 | WARN | |||
r-devel-linux-x86_64-fedora-gcc | 1.0.0 | 295.55 | OK | |||
r-devel-macos-arm64 | 1.0.0 | 61.00 | OK | |||
r-devel-macos-x86_64 | 1.0.0 | 115.00 | OK | |||
r-devel-windows-x86_64 | 1.0.0 | 28.00 | 115.00 | 143.00 | OK | |
r-patched-linux-x86_64 | 1.0.0 | 63.71 | 101.33 | 165.04 | OK | |
r-release-linux-x86_64 | 1.0.0 | 59.42 | 101.42 | 160.84 | OK | |
r-release-macos-arm64 | 1.0.0 | 67.00 | NOTE | |||
r-release-macos-x86_64 | 1.0.0 | 176.00 | NOTE | |||
r-release-windows-x86_64 | 1.0.0 | 31.00 | 104.00 | 135.00 | OK | |
r-oldrel-macos-arm64 | 0.1.0 | 61.00 | NOTE | |||
r-oldrel-macos-x86_64 | 1.0.0 | 12.00 | ERROR | |||
r-oldrel-windows-x86_64 | 1.0.0 | 46.00 | 126.00 | 172.00 | OK |
Version: 1.0.0
Check: whether package can be installed
Result: WARN
Found the following significant warnings:
/data/gannet/ripley/R/test-clang/cpp11/include/cpp11/R.hpp:52:31: warning: identifier '_xl' preceded by whitespace in a literal operator declaration is deprecated [-Wdeprecated-literal-operator]
/data/gannet/ripley/R/test-clang/cpp11/include/cpp11/named_arg.hpp:42:29: warning: identifier '_nm' preceded by whitespace in a literal operator declaration is deprecated [-Wdeprecated-literal-operator]
See ‘/data/gannet/ripley/R/packages/tests-clang/marquee.Rcheck/00install.out’ for details.
* used C compiler: ‘clang version 20.1.0-rc2’
* used C++ compiler: ‘clang version 20.1.0-rc2’
Flavor: r-devel-linux-x86_64-fedora-clang
Version: 1.0.0
Check: installed package size
Result: NOTE
installed size is 6.0Mb
sub-directories of 1Mb or more:
doc 2.3Mb
libs 2.8Mb
Flavors: r-release-macos-arm64, r-release-macos-x86_64
Version: 0.1.0
Check: installed package size
Result: NOTE
installed size is 5.9Mb
sub-directories of 1Mb or more:
doc 2.3Mb
libs 2.8Mb
Flavor: r-oldrel-macos-arm64
Version: 1.0.0
Check: package dependencies
Result: ERROR
Package required and available but unsuitable version: ‘systemfonts’
See section ‘The DESCRIPTION file’ in the ‘Writing R Extensions’
manual.
Flavor: r-oldrel-macos-x86_64
These binaries (installable software) and packages are in development.
They may not be fully stable and should be used with caution. We make no claims about them.
Health stats visible at Monitor.