Last updated on 2025-02-02 07:50:14 CET.
Flavor | Version | Tinstall | Tcheck | Ttotal | Status | Flags |
---|---|---|---|---|---|---|
r-devel-linux-x86_64-debian-clang | 0.0-2 | 9.57 | 114.78 | 124.35 | NOTE | |
r-devel-linux-x86_64-debian-gcc | 0.0-2 | 6.73 | 83.81 | 90.54 | NOTE | |
r-devel-linux-x86_64-fedora-clang | 0.0-2 | 205.19 | NOTE | |||
r-devel-linux-x86_64-fedora-gcc | 0.0-2 | 209.40 | NOTE | |||
r-devel-windows-x86_64 | 0.0-2 | 10.00 | 126.00 | 136.00 | NOTE | |
r-patched-linux-x86_64 | 0.0-2 | 8.73 | 110.38 | 119.11 | NOTE | |
r-release-linux-x86_64 | 0.0-2 | 10.22 | 110.98 | 121.20 | NOTE | |
r-release-macos-arm64 | 0.0-2 | 59.00 | NOTE | |||
r-release-macos-x86_64 | 0.0-2 | 136.00 | NOTE | |||
r-release-windows-x86_64 | 0.0-2 | 11.00 | 125.00 | 136.00 | NOTE | |
r-oldrel-macos-arm64 | 0.0-2 | 63.00 | OK | |||
r-oldrel-macos-x86_64 | 0.0-2 | 109.00 | OK | |||
r-oldrel-windows-x86_64 | 0.0-2 | 11.00 | 150.00 | 161.00 | OK |
Version: 0.0-2
Check: Rd files
Result: NOTE
checkRd: (-1) locate_shift.Rd:29: Lost braces
29 | \code{\link{quickfit}}, code{\link{locator}}
| ^
checkRd: (-1) marcher-package.Rd:14: Lost braces; missing escapes or markup?
14 | 1. \code{\link{estimate_shift}} {Estimate a range shift process.}
| ^
checkRd: (-1) marcher-package.Rd:16: Lost braces; missing escapes or markup?
16 | 2. \code{\link{simulate_shift}} {Simulate a range shift process.}
| ^
checkRd: (-1) marcher-package.Rd:18: Lost braces; missing escapes or markup?
18 | 3. \code{\link{plot.shiftfit}} {Visualize a range shift process.}
| ^
checkRd: (-1) marcher-package.Rd:20: Lost braces; missing escapes or markup?
20 | 4. \code{\link{test_rangeshift}} {Test whether a range shift occurred.}
| ^
checkRd: (-1) marcher-package.Rd:22: Lost braces; missing escapes or markup?
22 | 5. \code{\link{test_return}} {Test whether a migration was a return migration.}
| ^
checkRd: (-1) marcher-package.Rd:24: Lost braces; missing escapes or markup?
24 | 6. \code{\link{test_stopover}} {Test whether a stopover occurred during a migration.}
| ^
checkRd: (-1) quickfit.Rd:25: Lost braces in \itemize; \value handles \item{}{} directly
checkRd: (-1) quickfit.Rd:26: Lost braces in \itemize; \value handles \item{}{} directly
checkRd: (-1) test_rangeshift.Rd:25: Lost braces in \itemize; \value handles \item{}{} directly
checkRd: (-1) test_rangeshift.Rd:26: Lost braces in \itemize; \value handles \item{}{} directly
checkRd: (-1) test_rangeshift.Rd:27: Lost braces in \itemize; \value handles \item{}{} directly
checkRd: (-1) test_rangeshift.Rd:28: Lost braces in \itemize; \value handles \item{}{} directly
Flavors: r-devel-linux-x86_64-debian-clang, r-devel-linux-x86_64-debian-gcc, r-devel-linux-x86_64-fedora-clang, r-devel-linux-x86_64-fedora-gcc, r-devel-windows-x86_64, r-patched-linux-x86_64, r-release-linux-x86_64, r-release-macos-arm64, r-release-macos-x86_64, r-release-windows-x86_64
These binaries (installable software) and packages are in development.
They may not be fully stable and should be used with caution. We make no claims about them.
Health stats visible at Monitor.