Last updated on 2024-05-02 04:00:24 CEST.
Flavor | Version | Tinstall | Tcheck | Ttotal | Status | Flags |
---|---|---|---|---|---|---|
r-devel-linux-x86_64-debian-clang | 2.11.2 | 43.70 | 426.72 | 470.42 | OK | |
r-devel-linux-x86_64-debian-gcc | 2.11.2 | 35.73 | 297.86 | 333.59 | OK | |
r-devel-linux-x86_64-fedora-clang | 2.11.2 | 554.08 | NOTE | |||
r-devel-linux-x86_64-fedora-gcc | 2.11.2 | 523.26 | NOTE | |||
r-devel-windows-x86_64 | 2.11.2 | 36.00 | 254.00 | 290.00 | OK | |
r-patched-linux-x86_64 | 2.11.2 | 48.42 | 398.58 | 447.00 | OK | |
r-release-linux-x86_64 | 2.11.2 | 37.31 | 383.91 | 421.22 | OK | |
r-release-macos-arm64 | 2.11.2 | 132.00 | OK | |||
r-release-windows-x86_64 | 2.11.2 | 32.00 | 250.00 | 282.00 | OK | |
r-oldrel-macos-arm64 | 2.11.2 | 136.00 | OK | |||
r-oldrel-macos-x86_64 | 2.11.2 | 316.00 | OK | |||
r-oldrel-windows-x86_64 | 2.11.2 | 47.00 | 347.00 | 394.00 | OK |
Version: 2.11.2
Check: Rd cross-references
Result: NOTE
Undeclared package ‘chromote’ in Rd xrefs
Flavor: r-devel-linux-x86_64-fedora-clang
Version: 2.11.2
Check: data for non-ASCII characters
Result: NOTE
Note: found 1 marked UTF-8 string
Flavors: r-devel-linux-x86_64-fedora-clang, r-devel-linux-x86_64-fedora-gcc
These binaries (installable software) and packages are in development.
They may not be fully stable and should be used with caution. We make no claims about them.
Health stats visible at Monitor.