Last updated on 2025-02-02 07:50:14 CET.
Flavor | Version | Tinstall | Tcheck | Ttotal | Status | Flags |
---|---|---|---|---|---|---|
r-devel-linux-x86_64-debian-clang | 0.3.5 | 186.98 | 57.16 | 244.14 | NOTE | |
r-devel-linux-x86_64-debian-gcc | 0.3.5 | 160.56 | 40.58 | 201.14 | NOTE | |
r-devel-linux-x86_64-fedora-clang | 0.3.5 | 400.73 | NOTE | |||
r-devel-linux-x86_64-fedora-gcc | 0.3.5 | 551.57 | NOTE | |||
r-devel-windows-x86_64 | 0.3.5 | 189.00 | 120.00 | 309.00 | NOTE | |
r-patched-linux-x86_64 | 0.3.5 | 222.83 | 53.67 | 276.50 | NOTE | |
r-release-linux-x86_64 | 0.3.5 | 216.83 | 53.68 | 270.51 | NOTE | |
r-release-macos-arm64 | 0.3.5 | 114.00 | NOTE | |||
r-release-macos-x86_64 | 0.3.5 | 119.00 | NOTE | |||
r-release-windows-x86_64 | 0.3.5 | 192.00 | 116.00 | 308.00 | NOTE | |
r-oldrel-macos-arm64 | 0.3.5 | 130.00 | NOTE | |||
r-oldrel-macos-x86_64 | 0.3.5 | 127.00 | NOTE | |||
r-oldrel-windows-x86_64 | 0.3.5 | 213.00 | 136.00 | 349.00 | NOTE |
Version: 0.3.5
Check: C++ specification
Result: NOTE
Specified C++14: please drop specification unless essential
Flavors: r-devel-linux-x86_64-debian-clang, r-devel-linux-x86_64-debian-gcc, r-devel-linux-x86_64-fedora-clang, r-devel-linux-x86_64-fedora-gcc, r-devel-windows-x86_64, r-patched-linux-x86_64, r-release-linux-x86_64, r-release-macos-arm64, r-release-macos-x86_64, r-release-windows-x86_64, r-oldrel-macos-arm64, r-oldrel-macos-x86_64, r-oldrel-windows-x86_64
Version: 0.3.5
Check: installed package size
Result: NOTE
installed size is 22.2Mb
sub-directories of 1Mb or more:
data 1.3Mb
doc 1.6Mb
htmlwidgets 3.5Mb
libs 15.3Mb
Flavors: r-release-macos-arm64, r-release-macos-x86_64, r-release-windows-x86_64, r-oldrel-macos-arm64, r-oldrel-macos-x86_64, r-oldrel-windows-x86_64
These binaries (installable software) and packages are in development.
They may not be fully stable and should be used with caution. We make no claims about them.
Health stats visible at Monitor.