Last updated on 2025-05-15 07:49:43 CEST.
Flavor | Version | Tinstall | Tcheck | Ttotal | Status | Flags |
---|---|---|---|---|---|---|
r-devel-linux-x86_64-debian-clang | 1.0 | 1.26 | 15.28 | 16.54 | WARN | |
r-devel-linux-x86_64-debian-gcc | 1.0 | 1.17 | 13.46 | 14.63 | WARN | |
r-devel-linux-x86_64-fedora-clang | 1.0 | 26.76 | NOTE | |||
r-devel-linux-x86_64-fedora-gcc | 1.0 | 26.55 | NOTE | |||
r-devel-windows-x86_64 | 1.0 | 2.00 | 33.00 | 35.00 | NOTE | |
r-patched-linux-x86_64 | 1.0 | 1.55 | 14.65 | 16.20 | NOTE | |
r-release-linux-x86_64 | 1.0 | 1.53 | 14.59 | 16.12 | NOTE | |
r-release-macos-arm64 | 1.0 | NOTE | ||||
r-release-macos-x86_64 | 1.0 | 20.00 | NOTE | |||
r-release-windows-x86_64 | 1.0 | 2.00 | 39.00 | 41.00 | NOTE | |
r-oldrel-macos-arm64 | 1.0 | 13.00 | NOTE | |||
r-oldrel-macos-x86_64 | 1.0 | 17.00 | NOTE | |||
r-oldrel-windows-x86_64 | 1.0 | 3.00 | 32.00 | 35.00 | NOTE |
Version: 1.0
Check: CRAN incoming feasibility
Result: NOTE
Maintainer: ‘Noah Silverman <noahsilverman@ucla.edu>’
No Authors@R field in DESCRIPTION.
Please add one, modifying
Authors@R: person(given = "Noah",
family = "Silverman",
role = c("aut", "cre"),
email = "noahsilverman@ucla.edu")
as necessary.
Flavors: r-devel-linux-x86_64-debian-clang, r-devel-linux-x86_64-debian-gcc
Version: 1.0
Check: Rd files
Result: NOTE
checkRd: (-1) makeProject.Rd:34: Lost braces
34 | email{noahsilverman@ucla.edu}
| ^
Flavors: r-devel-linux-x86_64-debian-clang, r-devel-linux-x86_64-debian-gcc, r-devel-linux-x86_64-fedora-clang, r-devel-linux-x86_64-fedora-gcc, r-devel-windows-x86_64, r-patched-linux-x86_64, r-release-linux-x86_64, r-release-macos-arm64, r-release-macos-x86_64, r-release-windows-x86_64, r-oldrel-macos-arm64, r-oldrel-macos-x86_64, r-oldrel-windows-x86_64
Version: 1.0
Check: for code which exercises the package
Result: WARN
No examples, no tests, no vignettes
Flavors: r-devel-linux-x86_64-debian-clang, r-devel-linux-x86_64-debian-gcc
These binaries (installable software) and packages are in development.
They may not be fully stable and should be used with caution. We make no claims about them.
Health stats visible at Monitor.