Last updated on 2025-02-02 05:48:27 CET.
Flavor | Version | Tinstall | Tcheck | Ttotal | Status | Flags |
---|---|---|---|---|---|---|
r-devel-linux-x86_64-debian-clang | 0.5.0 | 7.27 | 120.36 | 127.63 | NOTE | |
r-devel-linux-x86_64-debian-gcc | 0.5.0 | 5.19 | 87.53 | 92.72 | NOTE | |
r-devel-linux-x86_64-fedora-clang | 0.5.0 | 214.80 | NOTE | |||
r-devel-linux-x86_64-fedora-gcc | 0.5.0 | 216.57 | NOTE | |||
r-devel-windows-x86_64 | 0.5.0 | 10.00 | 145.00 | 155.00 | NOTE | |
r-patched-linux-x86_64 | 0.5.0 | 7.19 | 114.03 | 121.22 | OK | |
r-release-linux-x86_64 | 0.5.0 | 7.64 | 113.49 | 121.13 | OK | |
r-release-macos-arm64 | 0.5.0 | 67.00 | OK | |||
r-release-macos-x86_64 | 0.5.0 | 116.00 | OK | |||
r-release-windows-x86_64 | 0.5.0 | 12.00 | 146.00 | 158.00 | OK | |
r-oldrel-macos-arm64 | 0.5.0 | 67.00 | OK | |||
r-oldrel-macos-x86_64 | 0.5.0 | 130.00 | ERROR | |||
r-oldrel-windows-x86_64 | 0.5.0 | 12.00 | 169.00 | 181.00 | OK |
Version: 0.5.0
Check: DESCRIPTION meta-information
Result: NOTE
Missing dependency on R >= 4.2.0 because package code uses the pipe
placeholder syntax added in R 4.2.0.
File(s) using such syntax:
‘utils.R’
Flavors: r-devel-linux-x86_64-debian-clang, r-devel-linux-x86_64-debian-gcc, r-devel-linux-x86_64-fedora-clang, r-devel-linux-x86_64-fedora-gcc, r-devel-windows-x86_64
Version: 0.5.0
Check: re-building of vignette outputs
Result: ERROR
Error(s) in re-building vignettes:
--- re-building ‘maestro-1-quick-start.Rmd’ using rmarkdown
Pandoc is required to build R Markdown vignettes but not available. Please make sure it is installed.
--- finished re-building ‘maestro-1-quick-start.Rmd’
--- re-building ‘maestro-5-directed-acyclic-graphs.Rmd’ using rmarkdown
Pandoc is required to build R Markdown vignettes but not available. Please make sure it is installed.
Quitting from lines 186-191 [unnamed-chunk-9] (maestro-5-directed-acyclic-graphs.Rmd)
Error: processing vignette 'maestro-5-directed-acyclic-graphs.Rmd' failed with diagnostics:
attempt to apply non-function
--- failed re-building ‘maestro-5-directed-acyclic-graphs.Rmd’
--- re-building ‘maestro-2-motivation-concepts.qmd’ using html
Quarto binary is required to build Quarto vignettes but is not available.
ℹ Please make sure it is installed and found by `find_quarto()`.
--- finished re-building ‘maestro-2-motivation-concepts.qmd’
--- re-building ‘maestro-3-use-cases.qmd’ using html
Quarto binary is required to build Quarto vignettes but is not available.
ℹ Please make sure it is installed and found by `find_quarto()`.
--- finished re-building ‘maestro-3-use-cases.qmd’
--- re-building ‘maestro-4-advanced-scheduling.qmd’ using html
Quarto binary is required to build Quarto vignettes but is not available.
ℹ Please make sure it is installed and found by `find_quarto()`.
--- finished re-building ‘maestro-4-advanced-scheduling.qmd’
--- re-building ‘maestro-6-logging.qmd’ using html
Quarto binary is required to build Quarto vignettes but is not available.
ℹ Please make sure it is installed and found by `find_quarto()`.
--- finished re-building ‘maestro-6-logging.qmd’
SUMMARY: processing the following file failed:
‘maestro-5-directed-acyclic-graphs.Rmd’
Error: Vignette re-building failed.
Execution halted
Flavor: r-oldrel-macos-x86_64
These binaries (installable software) and packages are in development.
They may not be fully stable and should be used with caution. We make no claims about them.
Health stats visible at Monitor.