Last updated on 2024-05-02 06:11:53 CEST.
Flavor | Version | Tinstall | Tcheck | Ttotal | Status | Flags |
---|---|---|---|---|---|---|
r-devel-linux-x86_64-debian-clang | 3.6.4 | 20.19 | 253.10 | 273.29 | NOTE | |
r-devel-linux-x86_64-debian-gcc | 3.6.4 | 14.74 | 184.71 | 199.45 | NOTE | |
r-devel-linux-x86_64-fedora-clang | 3.6.4 | 333.94 | NOTE | |||
r-devel-linux-x86_64-fedora-gcc | 3.6.4 | 357.02 | NOTE | |||
r-devel-windows-x86_64 | 3.6.4 | 16.00 | 212.00 | 228.00 | NOTE | |
r-patched-linux-x86_64 | 3.6.4 | 20.55 | 238.94 | 259.49 | NOTE | |
r-release-linux-x86_64 | 3.6.4 | 15.66 | 241.21 | 256.87 | NOTE | |
r-release-macos-arm64 | 3.6.4 | 104.00 | NOTE | |||
r-release-windows-x86_64 | 3.6.4 | 17.00 | 206.00 | 223.00 | NOTE | |
r-oldrel-macos-arm64 | 3.6.4 | 117.00 | OK | |||
r-oldrel-macos-x86_64 | 3.6.4 | 270.00 | OK | |||
r-oldrel-windows-x86_64 | 3.6.4 | 22.00 | 257.00 | 279.00 | OK |
Version: 3.6.4
Check: Rd files
Result: NOTE
checkRd: (-1) toolAggregate.Rd:49: Lost braces; missing escapes or markup?
49 | If {rel} is missing \code{to} refers to the aggregation target dimension name.}
| ^
checkRd: (-1) toolGetMapping.Rd:18: Lost braces
18 | and rda (which needs to have the data stored with the object name "data"!). Use code{\link{toolConvertMapping}}
| ^
Flavors: r-devel-linux-x86_64-debian-clang, r-devel-linux-x86_64-debian-gcc, r-devel-linux-x86_64-fedora-clang, r-devel-linux-x86_64-fedora-gcc, r-devel-windows-x86_64, r-patched-linux-x86_64, r-release-linux-x86_64, r-release-macos-arm64, r-release-windows-x86_64
These binaries (installable software) and packages are in development.
They may not be fully stable and should be used with caution. We make no claims about them.
Health stats visible at Monitor.