Last updated on 2024-05-02 13:50:02 CEST.
Flavor | Version | Tinstall | Tcheck | Ttotal | Status | Flags |
---|---|---|---|---|---|---|
r-devel-linux-x86_64-debian-clang | 3.1.3 | 26.16 | 152.00 | 178.16 | NOTE | |
r-devel-linux-x86_64-debian-gcc | 3.1.3 | 19.02 | 111.54 | 130.56 | NOTE | |
r-devel-linux-x86_64-fedora-clang | 3.1.3 | 221.84 | NOTE | |||
r-devel-linux-x86_64-fedora-gcc | 3.1.3 | 242.93 | NOTE | |||
r-devel-windows-x86_64 | 3.1.3 | 21.00 | 201.00 | 222.00 | NOTE | |
r-patched-linux-x86_64 | 3.1.3 | 25.92 | 134.48 | 160.40 | NOTE | |
r-release-linux-x86_64 | 3.1.3 | 21.02 | 149.56 | 170.58 | NOTE | |
r-release-macos-arm64 | 3.1.3 | 79.00 | NOTE | |||
r-release-windows-x86_64 | 3.1.3 | 21.00 | 194.00 | 215.00 | NOTE | |
r-oldrel-macos-arm64 | 3.1.3 | 76.00 | OK | |||
r-oldrel-macos-x86_64 | 3.1.3 | 198.00 | OK | |||
r-oldrel-windows-x86_64 | 3.1.3 | 24.00 | 195.00 | 219.00 | OK |
Version: 3.1.3
Check: Rd files
Result: NOTE
checkRd: (-1) mable.dr.Rd:23: Lost braces
23 | \item{x, y}{original two sample raw data, code{x}:"Control", \code{y}: "Case".}
| ^
checkRd: (-1) mable.dr.group.Rd:26: Lost braces
26 | specified by \code{t}. code{n0}:"Control", \code{n1}: "Case".}
| ^
checkRd: (-1) mable.reg.Rd:50: Lost braces
50 | Wrapping all code{mable} fit of regression models in one function.
| ^
checkRd: (-1) maple.dr.Rd:23: Lost braces
23 | \item{x, y}{original two sample raw data, code{x}:"Control", \code{y}: "Case".}
| ^
checkRd: (-1) maple.dr.group.Rd:27: Lost braces
27 | specified by \code{t}. code{n0}:"Control", \code{n1}: "Case".}
| ^
Flavors: r-devel-linux-x86_64-debian-clang, r-devel-linux-x86_64-debian-gcc, r-devel-linux-x86_64-fedora-clang, r-devel-linux-x86_64-fedora-gcc, r-devel-windows-x86_64, r-patched-linux-x86_64, r-release-linux-x86_64, r-release-macos-arm64, r-release-windows-x86_64
These binaries (installable software) and packages are in development.
They may not be fully stable and should be used with caution. We make no claims about them.
Health stats visible at Monitor.