Last updated on 2025-02-08 19:49:22 CET.
Flavor | Version | Tinstall | Tcheck | Ttotal | Status | Flags |
---|---|---|---|---|---|---|
r-devel-linux-x86_64-debian-clang | 1.1.0 | 9.80 | 148.70 | 158.50 | NOTE | |
r-devel-linux-x86_64-debian-gcc | 1.1.0 | 6.99 | 99.01 | 106.00 | NOTE | |
r-devel-linux-x86_64-fedora-clang | 1.1.0 | 276.62 | NOTE | |||
r-devel-linux-x86_64-fedora-gcc | 1.1.0 | 266.17 | NOTE | |||
r-devel-windows-x86_64 | 1.1.0 | 13.00 | 167.00 | 180.00 | NOTE | |
r-patched-linux-x86_64 | 1.1.0 | 16.03 | 145.30 | 161.33 | NOTE | |
r-release-linux-x86_64 | 1.1.0 | 8.64 | 144.34 | 152.98 | NOTE | |
r-release-macos-arm64 | 1.1.0 | 71.00 | NOTE | |||
r-release-macos-x86_64 | 1.1.0 | 113.00 | NOTE | |||
r-release-windows-x86_64 | 1.1.0 | 12.00 | 161.00 | 173.00 | NOTE | |
r-oldrel-macos-arm64 | 1.1.0 | 73.00 | OK | |||
r-oldrel-macos-x86_64 | 1.1.0 | 98.00 | OK | |||
r-oldrel-windows-x86_64 | 1.1.0 | 13.00 | 207.00 | 220.00 | OK |
Version: 1.1.0
Check: Rd files
Result: NOTE
checkRd: (-1) examinee-class.Rd:61: Lost braces; missing escapes or markup?
61 | \item{\code{routing_based_on}}{a vector containing the routing was based on \code{estimated_theta_by_phase} or {estimated_theta_by_test} at each module position.}
| ^
Flavors: r-devel-linux-x86_64-debian-clang, r-devel-linux-x86_64-debian-gcc, r-devel-linux-x86_64-fedora-clang, r-devel-linux-x86_64-fedora-gcc, r-devel-windows-x86_64, r-patched-linux-x86_64, r-release-linux-x86_64, r-release-macos-arm64, r-release-macos-x86_64, r-release-windows-x86_64
Version: 1.1.0
Check: Rd cross-references
Result: NOTE
Found the following Rd file(s) with Rd \link{} targets missing package
anchors:
createModule.Rd: loadConstraints, loadItemPool, loadItemAttrib,
loadStAttrib
examinee-class.Rd: item_pool-class
excludeAdministeredItems.Rd: constraints-class
maat.Rd: config_Shadow-class
module-class.Rd: constraints-class
output_maat-class.Rd: config_Shadow-class
simTheta.Rd: mvrnorm
updateAssessmentLevelTheta.Rd: config_Shadow-class
updateGrade.Rd: item_pool-class
updateItemData.Rd: output_Shadow_all-class, item_pool-class
updateThetaUsingCombined.Rd: config_Shadow-class
Please provide package anchors for all Rd \link{} targets not in the
package itself and the base packages.
Flavors: r-devel-linux-x86_64-debian-clang, r-devel-linux-x86_64-debian-gcc, r-devel-windows-x86_64
These binaries (installable software) and packages are in development.
They may not be fully stable and should be used with caution. We make no claims about them.
Health stats visible at Monitor.