CRAN Package Check Results for Package mSimCC

Last updated on 2025-05-17 17:49:26 CEST.

Flavor Version Tinstall Tcheck Ttotal Status Flags
r-devel-linux-x86_64-debian-clang 0.0.3 4.64 31.77 36.41 NOTE
r-devel-linux-x86_64-debian-gcc 0.0.3 3.75 23.13 26.88 NOTE
r-devel-linux-x86_64-fedora-clang 0.0.3 57.01 OK
r-devel-linux-x86_64-fedora-gcc 0.0.3 56.06 OK
r-devel-windows-x86_64 0.0.3 10.00 62.00 72.00 OK
r-patched-linux-x86_64 0.0.3 5.68 29.82 35.50 OK
r-release-linux-x86_64 0.0.3 4.76 29.74 34.50 OK
r-release-macos-arm64 0.0.3 28.00 OK
r-release-macos-x86_64 0.0.3 39.00 OK
r-release-windows-x86_64 0.0.3 9.00 63.00 72.00 OK
r-oldrel-macos-arm64 0.0.3 25.00 OK
r-oldrel-macos-x86_64 0.0.3 34.00 OK
r-oldrel-windows-x86_64 0.0.3 10.00 69.00 79.00 OK

Check Details

Version: 0.0.3
Check: CRAN incoming feasibility
Result: NOTE Maintainer: ‘David Moriña Soler <dmorina@ub.edu>’ No Authors@R field in DESCRIPTION. Please add one, modifying Authors@R: c(person(given = "David", family = "Moriña", role = c("aut", "cre"), email = "dmorina@ub.edu", comment = "Universitat de Barcelona"), person(given = "Pedro", family = "Puig", role = "aut", comment = "Universitat Autònoma de Barcelona"), person(given = "Mireia", family = "Diaz", role = "aut", comment = "Institut Català d'Oncologia")) as necessary. Flavors: r-devel-linux-x86_64-debian-clang, r-devel-linux-x86_64-debian-gcc

These binaries (installable software) and packages are in development.
They may not be fully stable and should be used with caution. We make no claims about them.
Health stats visible at Monitor.