Last updated on 2024-05-02 01:57:05 CEST.
Flavor | Version | Tinstall | Tcheck | Ttotal | Status | Flags |
---|---|---|---|---|---|---|
r-devel-linux-x86_64-debian-clang | 2.9.2.0 | 25.18 | 216.10 | 241.28 | NOTE | |
r-devel-linux-x86_64-debian-gcc | 2.9.2.0 | 22.91 | 163.69 | 186.60 | NOTE | |
r-devel-linux-x86_64-fedora-clang | 2.9.2.0 | 316.26 | NOTE | |||
r-devel-linux-x86_64-fedora-gcc | 2.9.2.0 | 315.06 | NOTE | |||
r-devel-windows-x86_64 | 2.9.2.0 | 24.00 | 159.00 | 183.00 | NOTE | |
r-patched-linux-x86_64 | 2.9.2.0 | 32.35 | 177.64 | 209.99 | NOTE | |
r-release-linux-x86_64 | 2.9.2.0 | 28.70 | 213.29 | 241.99 | NOTE | |
r-release-macos-arm64 | 2.9.2.0 | 97.00 | NOTE | |||
r-release-windows-x86_64 | 2.9.2.0 | 24.00 | 154.00 | 178.00 | NOTE | |
r-oldrel-macos-arm64 | 2.9.2.0 | 99.00 | OK | |||
r-oldrel-macos-x86_64 | 2.9.2.0 | 185.00 | OK | |||
r-oldrel-windows-x86_64 | 2.9.2.0 | 32.00 | 187.00 | 219.00 | OK |
Version: 2.9.2.0
Check: Rd files
Result: NOTE
checkRd: (-1) get_mean_sd_hour.Rd:20: Lost braces
20 | A function for calcualting the average timing of variables (in this case the M10 and L5). Find the average timing mu that min{ sum { min[ (tind_i - mu)^2, (1440 + mu - tind_i )^2 ]}}
| ^
checkRd: (-1) get_mean_sd_hour.Rd:20: Lost braces; missing escapes or markup?
20 | A function for calcualting the average timing of variables (in this case the M10 and L5). Find the average timing mu that min{ sum { min[ (tind_i - mu)^2, (1440 + mu - tind_i )^2 ]}}
| ^
Flavors: r-devel-linux-x86_64-debian-clang, r-devel-linux-x86_64-debian-gcc, r-devel-linux-x86_64-fedora-clang, r-devel-linux-x86_64-fedora-gcc, r-devel-windows-x86_64, r-patched-linux-x86_64, r-release-linux-x86_64, r-release-macos-arm64, r-release-windows-x86_64
Version: 2.9.2.0
Check: dependencies in R code
Result: NOTE
Namespaces in Imports field not imported from:
‘ActCR’ ‘ActFrag’ ‘tidyr’
All declared Imports should be used.
Flavors: r-devel-linux-x86_64-fedora-clang, r-devel-linux-x86_64-fedora-gcc
These binaries (installable software) and packages are in development.
They may not be fully stable and should be used with caution. We make no claims about them.
Health stats visible at Monitor.