Last updated on 2025-02-23 19:51:10 CET.
Flavor | Version | Tinstall | Tcheck | Ttotal | Status | Flags |
---|---|---|---|---|---|---|
r-devel-linux-x86_64-debian-clang | 0.1.1 | 9.22 | 133.13 | 142.35 | OK | |
r-devel-linux-x86_64-debian-gcc | 0.1.1 | 5.61 | 83.38 | 88.99 | OK | |
r-devel-linux-x86_64-fedora-clang | 0.1.1 | 210.77 | OK | |||
r-devel-linux-x86_64-fedora-gcc | 0.1.1 | 251.64 | OK | |||
r-devel-macos-arm64 | 0.1.1 | 88.00 | OK | |||
r-devel-macos-x86_64 | 0.1.1 | 172.00 | OK | |||
r-devel-windows-x86_64 | 0.1.1 | 10.00 | 136.00 | 146.00 | OK | |
r-patched-linux-x86_64 | 0.1.1 | 9.91 | 138.06 | 147.97 | OK | |
r-release-linux-x86_64 | 0.1.1 | 9.64 | 136.85 | 146.49 | OK | |
r-release-macos-arm64 | 0.1.1 | 84.00 | OK | |||
r-release-macos-x86_64 | 0.1.1 | 129.00 | OK | |||
r-release-windows-x86_64 | 0.1.1 | 10.00 | 124.00 | 134.00 | ERROR | |
r-oldrel-macos-arm64 | 0.1.1 | 87.00 | OK | |||
r-oldrel-macos-x86_64 | 0.1.1 | 145.00 | OK | |||
r-oldrel-windows-x86_64 | 0.1.1 | 13.00 | 145.00 | 158.00 | OK |
Version: 0.1.1
Check: re-building of vignette outputs
Result: ERROR
Error(s) in re-building vignettes:
--- re-building 'demand_classification.Rmd' using rmarkdown
trying URL 'https://github.com/krzjoa/m5-data/raw/main/datasets/m5.zip'
Content type 'application/zip' length 50219189 bytes (47.9 MB)
===================
downloaded 18.2 MB
Quitting from lines 23-34 [setup] (demand_classification.Rmd)
Error: processing vignette 'demand_classification.Rmd' failed with diagnostics:
download from 'https://github.com/krzjoa/m5-data/raw/main/datasets/m5.zip' failed
--- failed re-building 'demand_classification.Rmd'
SUMMARY: processing the following file failed:
'demand_classification.Rmd'
Error: Vignette re-building failed.
Execution halted
Flavor: r-release-windows-x86_64
These binaries (installable software) and packages are in development.
They may not be fully stable and should be used with caution. We make no claims about them.
Health stats visible at Monitor.