Last updated on 2024-05-02 13:50:02 CEST.
Flavor | Version | Tinstall | Tcheck | Ttotal | Status | Flags |
---|---|---|---|---|---|---|
r-devel-linux-x86_64-debian-clang | 0.2.1 | 50.64 | 67.45 | 118.09 | NOTE | |
r-devel-linux-x86_64-debian-gcc | 0.2.1 | 44.06 | 51.58 | 95.64 | NOTE | |
r-devel-linux-x86_64-fedora-clang | 0.2.1 | 158.83 | NOTE | |||
r-devel-linux-x86_64-fedora-gcc | 0.2.1 | 154.77 | NOTE | |||
r-devel-windows-x86_64 | 0.2.1 | 41.00 | 74.00 | 115.00 | NOTE | |
r-patched-linux-x86_64 | 0.2.1 | 57.42 | 65.36 | 122.78 | NOTE | |
r-release-linux-x86_64 | 0.2.1 | 52.75 | 63.80 | 116.55 | NOTE | |
r-release-macos-arm64 | 0.2.1 | 62.00 | NOTE | |||
r-release-windows-x86_64 | 0.2.1 | 48.00 | 69.00 | 117.00 | NOTE | |
r-oldrel-macos-arm64 | 0.2.1 | 70.00 | NOTE | |||
r-oldrel-macos-x86_64 | 0.2.1 | 92.00 | NOTE | |||
r-oldrel-windows-x86_64 | 0.2.1 | 58.00 | 78.00 | 136.00 | NOTE |
Version: 0.2.1
Check: package dependencies
Result: NOTE
Package suggested but not available for checking: ‘depth’
Flavors: r-devel-linux-x86_64-debian-clang, r-devel-linux-x86_64-debian-gcc, r-devel-linux-x86_64-fedora-clang, r-devel-linux-x86_64-fedora-gcc, r-devel-windows-x86_64, r-patched-linux-x86_64, r-release-linux-x86_64, r-release-macos-arm64, r-release-windows-x86_64, r-oldrel-macos-arm64, r-oldrel-macos-x86_64, r-oldrel-windows-x86_64
Version: 0.2.1
Check: Rd files
Result: NOTE
checkRd: (-1) geom_lv.Rd:101: Lost braces; missing escapes or markup?
101 | determines whether the width of the box for letter value LV(i) should be proportional to i (linear), proportional to $2^{-i}$ (height), or whether
| ^
checkRd: (-1) geom_lv.Rd:102: Lost braces; missing escapes or markup?
102 | the area of the box should be proportional to $2^{-i}$ (area).}
| ^
Flavors: r-devel-linux-x86_64-debian-clang, r-devel-linux-x86_64-debian-gcc, r-devel-linux-x86_64-fedora-clang, r-devel-linux-x86_64-fedora-gcc, r-devel-windows-x86_64, r-patched-linux-x86_64, r-release-linux-x86_64, r-release-macos-arm64, r-release-windows-x86_64
These binaries (installable software) and packages are in development.
They may not be fully stable and should be used with caution. We make no claims about them.
Health stats visible at Monitor.