Last updated on 2025-07-02 15:49:28 CEST.
Flavor | Version | Tinstall | Tcheck | Ttotal | Status | Flags |
---|---|---|---|---|---|---|
r-devel-linux-x86_64-debian-clang | 0.4.0 | 16.55 | 7.78 | 24.33 | ERROR | |
r-devel-linux-x86_64-debian-gcc | 0.4.0 | 8.69 | 5.91 | 14.60 | ERROR | |
r-devel-linux-x86_64-fedora-clang | 0.4.0 | 226.60 | OK | |||
r-devel-linux-x86_64-fedora-gcc | 0.4.0 | 242.37 | OK | |||
r-devel-windows-x86_64 | 0.4.0 | 18.00 | 182.00 | 200.00 | NOTE | |
r-patched-linux-x86_64 | ERROR | |||||
r-release-linux-x86_64 | 0.4.0 | 16.27 | 5.72 | 21.99 | ERROR | |
r-release-macos-arm64 | 0.4.0 | 104.00 | OK | |||
r-release-macos-x86_64 | 0.4.0 | 158.00 | OK | |||
r-release-windows-x86_64 | 0.4.0 | 17.00 | 141.00 | 158.00 | NOTE | |
r-oldrel-macos-arm64 | 0.4.0 | 47.00 | OK | |||
r-oldrel-macos-x86_64 | 0.4.0 | 91.00 | OK | |||
r-oldrel-windows-x86_64 | 0.4.0 | 20.00 | 181.00 | 201.00 | OK |
Version: 0.4.0
Check: CRAN incoming feasibility
Result: NOTE
Maintainer: ‘Daniel Falbel <daniel@rstudio.com>’
The Description field contains
inspired by 'fastai' by Howard et al. (2020) <arXiv:2002.04688>,
Please refer to arXiv e-prints via their arXiv DOI <doi:10.48550/arXiv.YYMM.NNNNN>.
Flavors: r-devel-linux-x86_64-debian-clang, r-devel-linux-x86_64-debian-gcc
Version: 0.4.0
Check: whether the package can be loaded
Result: ERROR
Loading this package had a fatal error status code 1
Loading log:
Error: package or namespace load failed for ‘luz’:
.onLoad failed in loadNamespace() for 'torch', details:
call: inst_path()
error: torch cannot write into
'/home/hornik/tmp/R.check/r-devel-clang/Work/build/Packages/torch/'.
Execution halted
Flavor: r-devel-linux-x86_64-debian-clang
Version: 0.4.0
Check: whether the package can be loaded
Result: ERROR
Loading this package had a fatal error status code 1
Loading log:
Error: package or namespace load failed for ‘luz’:
.onLoad failed in loadNamespace() for 'torch', details:
call: inst_path()
error: torch cannot write into
'/home/hornik/tmp/R.check/r-devel-gcc/Work/build/Packages/torch/'.
Execution halted
Flavor: r-devel-linux-x86_64-debian-gcc
Version: 0.4.0
Check: Rd cross-references
Result: NOTE
Found the following Rd file(s) with Rd \link{} targets missing package
anchors:
evaluate.Rd: nn_module
fit.luz_module_generator.Rd: nn_module
luz_load_model_weights.Rd: torch_load
predict.luz_module_fitted.Rd: nn_module
Please provide package anchors for all Rd \link{} targets not in the
package itself and the base packages.
Flavors: r-devel-windows-x86_64, r-release-windows-x86_64
Version: 0.4.0
Check: whether the package can be loaded
Result: ERROR
Loading this package had a fatal error status code 1
Loading log:
Error: package or namespace load failed for ‘luz’:
.onLoad failed in loadNamespace() for 'torch', details:
call: inst_path()
error: torch cannot write into
'/home/hornik/tmp/R.check/r-patched-gcc/Work/build/Packages/torch/'.
Execution halted
Flavor: r-patched-linux-x86_64
Version: 0.4.0
Check: whether the package can be loaded
Result: ERROR
Loading this package had a fatal error status code 1
Loading log:
Error: package or namespace load failed for ‘luz’:
.onLoad failed in loadNamespace() for 'torch', details:
call: inst_path()
error: torch cannot write into
'/home/hornik/tmp/R.check/r-release-gcc/Work/build/Packages/torch/'.
Execution halted
Flavor: r-release-linux-x86_64
These binaries (installable software) and packages are in development.
They may not be fully stable and should be used with caution. We make no claims about them.
Health stats visible at Monitor.