Last updated on 2025-02-23 19:51:10 CET.
Flavor | Version | Tinstall | Tcheck | Ttotal | Status | Flags |
---|---|---|---|---|---|---|
r-devel-linux-x86_64-debian-clang | 1.8 | 1.82 | 34.23 | 36.05 | OK | |
r-devel-linux-x86_64-debian-gcc | 1.8 | 1.26 | 27.08 | 28.34 | OK | |
r-devel-linux-x86_64-fedora-clang | 1.8 | 59.39 | ERROR | |||
r-devel-linux-x86_64-fedora-gcc | 1.8 | 76.61 | ERROR | |||
r-devel-macos-arm64 | 1.8 | 30.00 | OK | |||
r-devel-macos-x86_64 | 1.8 | 46.00 | OK | |||
r-devel-windows-x86_64 | 1.8 | 3.00 | 58.00 | 61.00 | OK | |
r-patched-linux-x86_64 | 1.8 | 2.04 | 32.29 | 34.33 | OK | |
r-release-linux-x86_64 | 1.8 | 1.93 | 34.62 | 36.55 | OK | |
r-release-macos-arm64 | 1.8 | 28.00 | OK | |||
r-release-macos-x86_64 | 1.8 | 41.00 | OK | |||
r-release-windows-x86_64 | 1.8 | 4.00 | 61.00 | 65.00 | OK | |
r-oldrel-macos-arm64 | 1.8 | 28.00 | OK | |||
r-oldrel-macos-x86_64 | 1.8 | 42.00 | OK | |||
r-oldrel-windows-x86_64 | 1.8 | 3.00 | 63.00 | 66.00 | OK |
Version: 1.8
Check: tests
Result: ERROR
Running ‘testthat.R’
Running the tests in ‘tests/testthat.R’ failed.
Complete output:
> library(testthat)
> library(lucid)
>
> test_check("lucid")
id P1 P2 P3
1 A a -1 3.3175e-140
2 B b 0 1.0637e-165
3 C c 1 1.1279e-157
id P1 P2
1 A a -1
2 B b 0
3 C c 1
P3
1 0.0000000000000000000000000000000000000000000000000000000000000000000000000000000000000000000000000000000000000000000000000000000000000000000332
2 0
3 0
effect variance stddev
(Intercept) 615.3 24.81
Residual 16.17 4.021
grp var1 var2 vcov sdcor
Rail (Intercept) <NA> 729 27
Residual <NA> <NA> 15.19 3.897
grp var1 var2 vcov sdcor
Rail (Intercept) <NA> 1.638 1.28
Residual <NA> <NA> 11.11 3.333
iteration LogLik wall cpu(sec) restrained
1 -5.78344 9:4:58 0 0
2 1.8756 9:4:58 0 0
3 8.51187 9:4:58 0 0
4 9.74181 9:4:58 0 0
5 9.75215 9:4:58 0 0
6 9.75225 9:4:58 0 0
effect VarComp VarCompSE Zratio Constr
Rail.travel-travel 615.3 392.3 1.6 P
units.travel-travel 16.17 6.602 2.4 P
[ FAIL 1 | WARN 3 | SKIP 2 | PASS 21 ]
══ Skipped tests (2) ═══════════════════════════════════════════════════════════
• empty test (2): 'test_lucid.R:150:1', 'test_vc.R:74:1'
══ Failed tests ════════════════════════════════════════════════════════════════
── Failure ('test_vc.R:37:3'): lmer ────────────────────────────────────────────
vc(m1l) not equal to structure(...).
Component "vcov": Mean relative difference: 0.1540472
[ FAIL 1 | WARN 3 | SKIP 2 | PASS 21 ]
Error: Test failures
Execution halted
Flavor: r-devel-linux-x86_64-fedora-clang
Version: 1.8
Check: tests
Result: ERROR
Running ‘testthat.R’ [6s/19s]
Running the tests in ‘tests/testthat.R’ failed.
Complete output:
> library(testthat)
> library(lucid)
>
> test_check("lucid")
id P1 P2 P3
1 A a -1 3.3175e-140
2 B b 0 1.0637e-165
3 C c 1 1.1279e-157
id P1 P2
1 A a -1
2 B b 0
3 C c 1
P3
1 0.0000000000000000000000000000000000000000000000000000000000000000000000000000000000000000000000000000000000000000000000000000000000000000000332
2 0
3 0
effect variance stddev
(Intercept) 615.3 24.81
Residual 16.17 4.021
grp var1 var2 vcov sdcor
Rail (Intercept) <NA> 729 27
Residual <NA> <NA> 15.19 3.897
grp var1 var2 vcov sdcor
Rail (Intercept) <NA> 1.638 1.28
Residual <NA> <NA> 11.11 3.333
iteration LogLik wall cpu(sec) restrained
1 -5.78344 20:33:8 0 0
2 1.8756 20:33:8 0 0
3 8.51187 20:33:8 0 0
4 9.74181 20:33:8 0 0
5 9.75215 20:33:8 0 0
6 9.75225 20:33:8 0 0
effect VarComp VarCompSE Zratio Constr
Rail.travel-travel 615.3 392.3 1.6 P
units.travel-travel 16.17 6.602 2.4 P
[ FAIL 1 | WARN 3 | SKIP 2 | PASS 21 ]
══ Skipped tests (2) ═══════════════════════════════════════════════════════════
• empty test (2): 'test_lucid.R:150:1', 'test_vc.R:74:1'
══ Failed tests ════════════════════════════════════════════════════════════════
── Failure ('test_vc.R:37:3'): lmer ────────────────────────────────────────────
vc(m1l) not equal to structure(...).
Component "vcov": Mean relative difference: 0.1540472
[ FAIL 1 | WARN 3 | SKIP 2 | PASS 21 ]
Error: Test failures
Execution halted
Flavor: r-devel-linux-x86_64-fedora-gcc
These binaries (installable software) and packages are in development.
They may not be fully stable and should be used with caution. We make no claims about them.
Health stats visible at Monitor.