Last updated on 2025-05-15 09:52:30 CEST.
Flavor | Version | Tinstall | Tcheck | Ttotal | Status | Flags |
---|---|---|---|---|---|---|
r-devel-linux-x86_64-debian-clang | 0.2.0 | 8.23 | 69.24 | 77.47 | ERROR | |
r-devel-linux-x86_64-debian-gcc | 0.2.0 | 5.55 | 49.01 | 54.56 | OK | |
r-devel-linux-x86_64-fedora-clang | 0.2.0 | 117.42 | ERROR | |||
r-devel-linux-x86_64-fedora-gcc | 0.2.0 | 121.36 | ERROR | |||
r-devel-windows-x86_64 | 0.2.0 | 9.00 | 80.00 | 89.00 | ERROR | |
r-patched-linux-x86_64 | 0.2.0 | 7.27 | 60.40 | 67.67 | ERROR | |
r-release-linux-x86_64 | 0.2.0 | 7.30 | 60.92 | 68.22 | ERROR | |
r-release-macos-arm64 | 0.2.0 | 61.00 | OK | |||
r-release-macos-x86_64 | 0.2.0 | 89.00 | OK | |||
r-release-windows-x86_64 | 0.2.0 | 9.00 | 89.00 | 98.00 | OK | |
r-oldrel-macos-arm64 | 0.2.0 | 61.00 | OK | |||
r-oldrel-macos-x86_64 | 0.2.0 | 114.00 | OK | |||
r-oldrel-windows-x86_64 | 0.2.0 | 12.00 | 92.00 | 104.00 | ERROR |
Version: 0.2.0
Check: tests
Result: ERROR
Running ‘testthat.R’ [4s/10s]
Running the tests in ‘tests/testthat.R’ failed.
Complete output:
> # This file is part of the standard setup for testthat.
> # It is recommended that you do not modify it.
> #
> # Where should you do additional test configuration?
> # Learn more about the roles of various files in:
> # * https://r-pkgs.org/testing-design.html#sec-tests-files-overview
> # * https://testthat.r-lib.org/articles/special-files.html
>
> library(testthat)
> library(lotterybr)
Loading required package: dplyr
Attaching package: 'dplyr'
The following object is masked from 'package:testthat':
matches
The following objects are masked from 'package:stats':
filter, lag
The following objects are masked from 'package:base':
intersect, setdiff, setequal, union
Loading required package: ggplot2
Loading required package: shiny
Loading required package: plotly
Attaching package: 'plotly'
The following object is masked from 'package:ggplot2':
last_plot
The following object is masked from 'package:stats':
filter
The following object is masked from 'package:graphics':
layout
>
> test_check("lotterybr")
[ FAIL 1 | WARN 1 | SKIP 0 | PASS 0 ]
══ Failed tests ════════════════════════════════════════════════════════════════
── Error ('tests.R:12:7'): (code run outside of `test_that()`) ─────────────────
Error in `readRDS(url(url))`: cannot open the connection to 'https://github.com/tomasbp2/LotteryBrasilDATA/blob/main/lotofacil/dezenas.rds?raw=true'
Backtrace:
▆
1. └─lotterybr::get_data(game = game, type = type, language = language) at tests.R:12:7
2. └─base::readRDS(url(url))
[ FAIL 1 | WARN 1 | SKIP 0 | PASS 0 ]
Error: Test failures
Execution halted
Flavors: r-devel-linux-x86_64-debian-clang, r-patched-linux-x86_64
Version: 0.2.0
Check: re-building of vignette outputs
Result: ERROR
Error(s) in re-building vignettes:
...
--- re-building ‘lotterybr.Rmd’ using rmarkdown
Quitting from lotterybr.Rmd:26-29 [unnamed-chunk-2]
~~~~~~~~~~~~~~~~~~~~~~~~~~~~~~~~~~~~~~~~~~~~~~~~~~~~~~~~~~~~~~~~~~~~~~~~~~~~~~~~
<error/rlang_error>
Error in `readRDS()`:
! cannot open the connection to 'https://github.com/tomasbp2/LotteryBrasilDATA/blob/main/quina/ganhadores.rds?raw=true'
---
Backtrace:
▆
1. └─lotterybr::get_data("quina", "winners", "ptbr")
2. └─base::readRDS(url(url))
~~~~~~~~~~~~~~~~~~~~~~~~~~~~~~~~~~~~~~~~~~~~~~~~~~~~~~~~~~~~~~~~~~~~~~~~~~~~~~~~
Error: processing vignette 'lotterybr.Rmd' failed with diagnostics:
cannot open the connection to 'https://github.com/tomasbp2/LotteryBrasilDATA/blob/main/quina/ganhadores.rds?raw=true'
--- failed re-building ‘lotterybr.Rmd’
SUMMARY: processing the following file failed:
‘lotterybr.Rmd’
Error: Vignette re-building failed.
Execution halted
Flavors: r-devel-linux-x86_64-debian-clang, r-patched-linux-x86_64, r-release-linux-x86_64
Version: 0.2.0
Check: tests
Result: ERROR
Running ‘testthat.R’ [5s/11s]
Running the tests in ‘tests/testthat.R’ failed.
Complete output:
> # This file is part of the standard setup for testthat.
> # It is recommended that you do not modify it.
> #
> # Where should you do additional test configuration?
> # Learn more about the roles of various files in:
> # * https://r-pkgs.org/testing-design.html#sec-tests-files-overview
> # * https://testthat.r-lib.org/articles/special-files.html
>
> library(testthat)
> library(lotterybr)
Loading required package: dplyr
Attaching package: 'dplyr'
The following object is masked from 'package:testthat':
matches
The following objects are masked from 'package:stats':
filter, lag
The following objects are masked from 'package:base':
intersect, setdiff, setequal, union
Loading required package: ggplot2
Loading required package: shiny
Loading required package: plotly
Attaching package: 'plotly'
The following object is masked from 'package:ggplot2':
last_plot
The following object is masked from 'package:stats':
filter
The following object is masked from 'package:graphics':
layout
>
> test_check("lotterybr")
[ FAIL 1 | WARN 1 | SKIP 0 | PASS 0 ]
══ Failed tests ════════════════════════════════════════════════════════════════
── Error ('tests.R:12:7'): (code run outside of `test_that()`) ─────────────────
Error in `readRDS(url(url))`: cannot open the connection to 'https://github.com/tomasbp2/LotteryBrasilDATA/blob/main/lotofacil/dezenas.rds?raw=true'
Backtrace:
▆
1. └─lotterybr::get_data(game = game, type = type, language = language) at tests.R:12:7
2. └─base::readRDS(url(url))
[ FAIL 1 | WARN 1 | SKIP 0 | PASS 0 ]
Error: Test failures
Execution halted
Flavor: r-devel-linux-x86_64-fedora-clang
Version: 0.2.0
Check: re-building of vignette outputs
Result: ERROR
Error(s) in re-building vignettes:
--- re-building ‘lotterybr.Rmd’ using rmarkdown
Quitting from lotterybr.Rmd:26-29 [unnamed-chunk-2]
~~~~~~~~~~~~~~~~~~~~~~~~~~~~~~~~~~~~~~~~~~~~~~~~~~~~~~~~~~~~~~~~~~~~~~~~~~~~~~~~
<error/rlang_error>
Error in `readRDS()`:
! cannot open the connection to 'https://github.com/tomasbp2/LotteryBrasilDATA/blob/main/quina/ganhadores.rds?raw=true'
---
Backtrace:
▆
1. └─lotterybr::get_data("quina", "winners", "ptbr")
2. └─base::readRDS(url(url))
~~~~~~~~~~~~~~~~~~~~~~~~~~~~~~~~~~~~~~~~~~~~~~~~~~~~~~~~~~~~~~~~~~~~~~~~~~~~~~~~
Error: processing vignette 'lotterybr.Rmd' failed with diagnostics:
cannot open the connection to 'https://github.com/tomasbp2/LotteryBrasilDATA/blob/main/quina/ganhadores.rds?raw=true'
--- failed re-building ‘lotterybr.Rmd’
SUMMARY: processing the following file failed:
‘lotterybr.Rmd’
Error: Vignette re-building failed.
Execution halted
Flavors: r-devel-linux-x86_64-fedora-clang, r-devel-linux-x86_64-fedora-gcc, r-devel-windows-x86_64, r-oldrel-windows-x86_64
Version: 0.2.0
Check: tests
Result: ERROR
Running ‘testthat.R’ [4s/11s]
Running the tests in ‘tests/testthat.R’ failed.
Complete output:
> # This file is part of the standard setup for testthat.
> # It is recommended that you do not modify it.
> #
> # Where should you do additional test configuration?
> # Learn more about the roles of various files in:
> # * https://r-pkgs.org/testing-design.html#sec-tests-files-overview
> # * https://testthat.r-lib.org/articles/special-files.html
>
> library(testthat)
> library(lotterybr)
Loading required package: dplyr
Attaching package: 'dplyr'
The following object is masked from 'package:testthat':
matches
The following objects are masked from 'package:stats':
filter, lag
The following objects are masked from 'package:base':
intersect, setdiff, setequal, union
Loading required package: ggplot2
Loading required package: shiny
Loading required package: plotly
Attaching package: 'plotly'
The following object is masked from 'package:ggplot2':
last_plot
The following object is masked from 'package:stats':
filter
The following object is masked from 'package:graphics':
layout
>
> test_check("lotterybr")
[ FAIL 1 | WARN 1 | SKIP 0 | PASS 0 ]
══ Failed tests ════════════════════════════════════════════════════════════════
── Error ('tests.R:12:7'): (code run outside of `test_that()`) ─────────────────
Error in `readRDS(url(url))`: cannot open the connection to 'https://github.com/tomasbp2/LotteryBrasilDATA/blob/main/lotofacil/dezenas.rds?raw=true'
Backtrace:
▆
1. └─lotterybr::get_data(game = game, type = type, language = language) at tests.R:12:7
2. └─base::readRDS(url(url))
[ FAIL 1 | WARN 1 | SKIP 0 | PASS 0 ]
Error: Test failures
Execution halted
Flavor: r-devel-linux-x86_64-fedora-gcc
Version: 0.2.0
Check: tests
Result: ERROR
Running 'testthat.R' [5s]
Running the tests in 'tests/testthat.R' failed.
Complete output:
> # This file is part of the standard setup for testthat.
> # It is recommended that you do not modify it.
> #
> # Where should you do additional test configuration?
> # Learn more about the roles of various files in:
> # * https://r-pkgs.org/testing-design.html#sec-tests-files-overview
> # * https://testthat.r-lib.org/articles/special-files.html
>
> library(testthat)
> library(lotterybr)
Loading required package: dplyr
Attaching package: 'dplyr'
The following object is masked from 'package:testthat':
matches
The following objects are masked from 'package:stats':
filter, lag
The following objects are masked from 'package:base':
intersect, setdiff, setequal, union
Loading required package: ggplot2
Loading required package: shiny
Loading required package: plotly
Attaching package: 'plotly'
The following object is masked from 'package:ggplot2':
last_plot
The following object is masked from 'package:stats':
filter
The following object is masked from 'package:graphics':
layout
>
> test_check("lotterybr")
[ FAIL 1 | WARN 1 | SKIP 0 | PASS 0 ]
══ Failed tests ════════════════════════════════════════════════════════════════
── Error ('tests.R:12:7'): (code run outside of `test_that()`) ─────────────────
Error in `readRDS(url(url))`: cannot open the connection to 'https://github.com/tomasbp2/LotteryBrasilDATA/blob/main/lotofacil/dezenas.rds?raw=true'
Backtrace:
▆
1. └─lotterybr::get_data(game = game, type = type, language = language) at tests.R:12:7
2. └─base::readRDS(url(url))
[ FAIL 1 | WARN 1 | SKIP 0 | PASS 0 ]
Error: Test failures
Execution halted
Flavor: r-devel-windows-x86_64
Version: 0.2.0
Check: tests
Result: ERROR
Running ‘testthat.R’ [4s/9s]
Running the tests in ‘tests/testthat.R’ failed.
Complete output:
> # This file is part of the standard setup for testthat.
> # It is recommended that you do not modify it.
> #
> # Where should you do additional test configuration?
> # Learn more about the roles of various files in:
> # * https://r-pkgs.org/testing-design.html#sec-tests-files-overview
> # * https://testthat.r-lib.org/articles/special-files.html
>
> library(testthat)
> library(lotterybr)
Loading required package: dplyr
Attaching package: 'dplyr'
The following object is masked from 'package:testthat':
matches
The following objects are masked from 'package:stats':
filter, lag
The following objects are masked from 'package:base':
intersect, setdiff, setequal, union
Loading required package: ggplot2
Loading required package: shiny
Loading required package: plotly
Attaching package: 'plotly'
The following object is masked from 'package:ggplot2':
last_plot
The following object is masked from 'package:stats':
filter
The following object is masked from 'package:graphics':
layout
>
> test_check("lotterybr")
[ FAIL 1 | WARN 1 | SKIP 0 | PASS 0 ]
══ Failed tests ════════════════════════════════════════════════════════════════
── Error ('tests.R:12:7'): (code run outside of `test_that()`) ─────────────────
Error in `readRDS(url(url))`: cannot open the connection to 'https://github.com/tomasbp2/LotteryBrasilDATA/blob/main/lotofacil/dezenas.rds?raw=true'
Backtrace:
▆
1. └─lotterybr::get_data(game = game, type = type, language = language) at tests.R:12:7
2. └─base::readRDS(url(url))
[ FAIL 1 | WARN 1 | SKIP 0 | PASS 0 ]
Error: Test failures
Execution halted
Flavor: r-release-linux-x86_64
Version: 0.2.0
Check: tests
Result: ERROR
Running 'testthat.R' [6s]
Running the tests in 'tests/testthat.R' failed.
Complete output:
> # This file is part of the standard setup for testthat.
> # It is recommended that you do not modify it.
> #
> # Where should you do additional test configuration?
> # Learn more about the roles of various files in:
> # * https://r-pkgs.org/testing-design.html#sec-tests-files-overview
> # * https://testthat.r-lib.org/articles/special-files.html
>
> library(testthat)
> library(lotterybr)
Loading required package: dplyr
Attaching package: 'dplyr'
The following object is masked from 'package:testthat':
matches
The following objects are masked from 'package:stats':
filter, lag
The following objects are masked from 'package:base':
intersect, setdiff, setequal, union
Loading required package: ggplot2
Loading required package: shiny
Loading required package: plotly
Attaching package: 'plotly'
The following object is masked from 'package:ggplot2':
last_plot
The following object is masked from 'package:stats':
filter
The following object is masked from 'package:graphics':
layout
>
> test_check("lotterybr")
[ FAIL 1 | WARN 1 | SKIP 0 | PASS 0 ]
══ Failed tests ════════════════════════════════════════════════════════════════
── Error ('tests.R:12:7'): (code run outside of `test_that()`) ─────────────────
Error in `readRDS(url(url))`: cannot open the connection to 'https://github.com/tomasbp2/LotteryBrasilDATA/blob/main/lotofacil/dezenas.rds?raw=true'
Backtrace:
▆
1. └─lotterybr::get_data(game = game, type = type, language = language) at tests.R:12:7
2. └─base::readRDS(url(url))
[ FAIL 1 | WARN 1 | SKIP 0 | PASS 0 ]
Error: Test failures
Execution halted
Flavor: r-oldrel-windows-x86_64
These binaries (installable software) and packages are in development.
They may not be fully stable and should be used with caution. We make no claims about them.
Health stats visible at Monitor.