Last updated on 2024-05-02 08:01:47 CEST.
Flavor | Version | Tinstall | Tcheck | Ttotal | Status | Flags |
---|---|---|---|---|---|---|
r-devel-linux-x86_64-debian-clang | 1.4.1 | 28.85 | 264.54 | 293.39 | NOTE | |
r-devel-linux-x86_64-debian-gcc | 1.4.1 | 18.15 | 191.05 | 209.20 | NOTE | |
r-devel-linux-x86_64-fedora-clang | 1.4.1 | 373.56 | NOTE | |||
r-devel-linux-x86_64-fedora-gcc | 1.4.1 | 397.85 | NOTE | |||
r-devel-windows-x86_64 | 1.4.1 | 22.00 | 343.00 | 365.00 | NOTE | |
r-patched-linux-x86_64 | 1.4.1 | 31.76 | 260.40 | 292.16 | NOTE | |
r-release-linux-x86_64 | 1.4.1 | 26.63 | 256.07 | 282.70 | NOTE | |
r-release-macos-arm64 | 1.4.1 | 176.00 | NOTE | |||
r-release-windows-x86_64 | 1.4.1 | 22.00 | 299.00 | 321.00 | NOTE | |
r-oldrel-macos-arm64 | 1.4.1 | 170.00 | NOTE | |||
r-oldrel-macos-x86_64 | 1.4.1 | 370.00 | NOTE | |||
r-oldrel-windows-x86_64 | 1.4.1 | 25.00 | 326.00 | 351.00 | OK |
Version: 1.4.1
Check: Rd files
Result: NOTE
checkRd: (-1) l_binCut.Rd:30: Lost braces
30 | when 'code{labels = FALSE}, the default \code{active} is \code{-1}; and when \code{labels} is a vector of length equal
| ^
Flavors: r-devel-linux-x86_64-debian-clang, r-devel-linux-x86_64-debian-gcc, r-devel-linux-x86_64-fedora-clang, r-devel-linux-x86_64-fedora-gcc, r-devel-windows-x86_64, r-patched-linux-x86_64, r-release-linux-x86_64, r-release-macos-arm64, r-release-windows-x86_64
Version: 1.4.1
Check: installed package size
Result: NOTE
installed size is 5.0Mb
sub-directories of 1Mb or more:
doc 1.5Mb
tcl 1.3Mb
Flavor: r-devel-linux-x86_64-fedora-clang
Version: 1.4.1
Check: package dependencies
Result: NOTE
Package suggested but not available for checking: ‘RDRToolbox’
Flavors: r-oldrel-macos-arm64, r-oldrel-macos-x86_64
These binaries (installable software) and packages are in development.
They may not be fully stable and should be used with caution. We make no claims about them.
Health stats visible at Monitor.