Last updated on 2025-02-23 19:51:10 CET.
Flavor | Version | Tinstall | Tcheck | Ttotal | Status | Flags |
---|---|---|---|---|---|---|
r-devel-linux-x86_64-debian-clang | 1.3.4 | 22.01 | 258.89 | 280.90 | NOTE | |
r-devel-linux-x86_64-debian-gcc | 1.3.4 | 16.07 | 183.74 | 199.81 | NOTE | |
r-devel-linux-x86_64-fedora-clang | 1.3.4 | 487.19 | NOTE | |||
r-devel-linux-x86_64-fedora-gcc | 1.3.4 | 481.05 | NOTE | |||
r-devel-macos-arm64 | 1.3.4 | 254.00 | OK | |||
r-devel-macos-x86_64 | 1.3.4 | 570.00 | OK | |||
r-devel-windows-x86_64 | 1.3.4 | 19.00 | 376.00 | 395.00 | NOTE | |
r-patched-linux-x86_64 | 1.3.4 | 28.56 | 246.29 | 274.85 | OK | |
r-release-linux-x86_64 | 1.3.4 | 20.81 | 252.28 | 273.09 | OK | |
r-release-macos-arm64 | 1.3.4 | 240.00 | OK | |||
r-release-macos-x86_64 | 1.3.4 | 257.00 | OK | |||
r-release-windows-x86_64 | 1.3.4 | 17.00 | 360.00 | 377.00 | OK | |
r-oldrel-macos-arm64 | 1.3.4 | 169.00 | OK | |||
r-oldrel-macos-x86_64 | 1.3.4 | 512.00 | OK | |||
r-oldrel-windows-x86_64 | 1.3.4 | 24.00 | 372.00 | 396.00 | OK |
Version: 1.3.4
Check: Rd cross-references
Result: NOTE
Found the following Rd file(s) with Rd \link{} targets missing package
anchors:
g_getLocations.Rd: l_getLocations
g_getPlots.Rd: l_getPlots
geom_imageGlyph-deprecated.Rd: geom_image_glyph, geom_polygon_glyph
geom_pointrangeGlyph-deprecated.Rd: geom_pointrange
geom_serialAxesGlyph-deprecated.Rd: geom_serialaxes_glyph
geom_textGlyph-deprecated.Rd: geom_text
ggSerialAxes-deprecated.Rd: coord_serialaxes
interactivity.Rd: l_info_states
l_ggplot.Rd: ggplot
linking.Rd: l_getLinkedStates, l_setLinkedStates, l_configure
scaleBox.Rd: l_scale3D
selection.Rd: l_userOptions
zoom.Rd: l_scaleto_plot, l_scaleto_layer, l_scaleto_world,
l_scaleto_active, l_scaleto_selected
Please provide package anchors for all Rd \link{} targets not in the
package itself and the base packages.
Flavors: r-devel-linux-x86_64-debian-clang, r-devel-linux-x86_64-debian-gcc, r-devel-windows-x86_64
Version: 1.3.4
Check: dependencies in R code
Result: NOTE
Namespace in Imports field not imported from: ‘cli’
All declared Imports should be used.
Flavors: r-devel-linux-x86_64-fedora-clang, r-devel-linux-x86_64-fedora-gcc
These binaries (installable software) and packages are in development.
They may not be fully stable and should be used with caution. We make no claims about them.
Health stats visible at Monitor.