CRAN Package Check Results for Package longmixr

Last updated on 2025-02-23 19:51:10 CET.

Flavor Version Tinstall Tcheck Ttotal Status Flags
r-devel-linux-x86_64-debian-clang 1.0.0 2.66 145.70 148.36 OK
r-devel-linux-x86_64-debian-gcc 1.0.0 2.11 97.39 99.50 OK
r-devel-linux-x86_64-fedora-clang 1.0.0 222.74 OK
r-devel-linux-x86_64-fedora-gcc 1.0.0 235.51 OK
r-devel-macos-arm64 1.0.0 70.00 OK
r-devel-macos-x86_64 1.0.0 75.00 ERROR
r-devel-windows-x86_64 1.0.0 4.00 132.00 136.00 OK
r-patched-linux-x86_64 1.0.0 1.98 135.36 137.34 OK
r-release-linux-x86_64 1.0.0 2.45 137.43 139.88 OK
r-release-macos-arm64 1.0.0 66.00 OK
r-release-macos-x86_64 1.0.0 111.00 OK
r-release-windows-x86_64 1.0.0 5.00 142.00 147.00 OK
r-oldrel-macos-arm64 1.0.0 71.00 OK
r-oldrel-macos-x86_64 1.0.0 122.00 OK
r-oldrel-windows-x86_64 1.0.0 5.00 169.00 174.00 OK

Check Details

Version: 1.0.0
Check: re-building of vignette outputs
Result: ERROR Error(s) in re-building vignettes: --- re-building ‘analysis_workflow.Rmd’ using rmarkdown Quitting from lines 19-28 [setup] (analysis_workflow.Rmd) Error: processing vignette 'analysis_workflow.Rmd' failed with diagnostics: there is no package called 'FactoMineR' --- failed re-building ‘analysis_workflow.Rmd’ SUMMARY: processing the following file failed: ‘analysis_workflow.Rmd’ Error: Vignette re-building failed. Execution halted Flavor: r-devel-macos-x86_64

These binaries (installable software) and packages are in development.
They may not be fully stable and should be used with caution. We make no claims about them.
Health stats visible at Monitor.