Last updated on 2025-02-23 15:49:46 CET.
Flavor | Version | Tinstall | Tcheck | Ttotal | Status | Flags |
---|---|---|---|---|---|---|
r-devel-linux-x86_64-debian-clang | 1.1-3 | 1.89 | 36.69 | 38.58 | OK | |
r-devel-linux-x86_64-debian-gcc | 1.1-3 | 1.91 | 28.89 | 30.80 | OK | |
r-devel-linux-x86_64-fedora-clang | 1.1-3 | 63.32 | OK | |||
r-devel-linux-x86_64-fedora-gcc | 1.1-3 | 75.34 | OK | |||
r-devel-macos-arm64 | 1.1-3 | 29.00 | NOTE | |||
r-devel-macos-x86_64 | 1.1-3 | 54.00 | NOTE | |||
r-devel-windows-x86_64 | 1.1-3 | 5.00 | 94.00 | 99.00 | NOTE | |
r-patched-linux-x86_64 | 1.1-3 | 2.99 | 35.65 | 38.64 | OK | |
r-release-linux-x86_64 | 1.1-3 | 2.34 | 35.37 | 37.71 | OK | |
r-release-macos-arm64 | 1.1-3 | 43.00 | OK | |||
r-release-macos-x86_64 | 1.1-3 | 105.00 | OK | |||
r-release-windows-x86_64 | 1.1-3 | 3.00 | 93.00 | 96.00 | OK | |
r-oldrel-macos-arm64 | 1.1-3 | 37.00 | OK | |||
r-oldrel-macos-x86_64 | 1.1-3 | 72.00 | OK | |||
r-oldrel-windows-x86_64 | 1.1-3 | 5.00 | 87.00 | 92.00 | OK |
Version: 1.1-3
Check: tests
Result: NOTE
Running ‘FEXP-ex.R’ [0s/0s]
Comparing ‘FEXP-ex.Rout’ to ‘FEXP-ex.Rout.save’ ... OK
Running ‘ceta-ex.R’ [0s/0s]
Comparing ‘ceta-ex.Rout’ to ‘ceta-ex.Rout.save’ ...62,64c62,64
< [1,] 14.488989 -12.799948 -0.987337
< [2,] -12.799948 16.255301 -4.577743
< [3,] -0.987337 -4.577743 6.998141
---
> [1,] 14.4889890 -12.799948 -0.9873372
> [2,] -12.7999482 16.255301 -4.5777428
> [3,] -0.9873372 -4.577743 6.9981407
68,70c68,70
< [1,] 10.8095103 -10.026343 -0.3529689
< [2,] -10.0263434 14.162574 -5.0492360
< [3,] -0.3529689 -5.049236 6.8750562
---
> [1,] 10.809510 -10.026343 -0.352969
> [2,] -10.026343 14.162573 -5.049236
> [3,] -0.352969 -5.049236 6.875056
74,76c74,76
< [1,] 8.9759811 -8.57055 -0.0957132
< [2,] -8.5705518 13.00507 -5.2497157
< [3,] -0.0957132 -5.24972 6.8318383
---
> [1,] 8.9759811 -8.57055 -0.0957133
> [2,] -8.5705518 13.00507 -5.2497156
> [3,] -0.0957133 -5.24972 6.8318382
80,82c80,82
< [1,] 7.975422 -7.74585 0.020412
< [2,] -7.745846 12.32434 -5.343443
< [3,] 0.020412 -5.34344 6.814742
---
> [1,] 7.9754221 -7.74585 0.0204119
> [2,] -7.7458459 12.32434 -5.3434429
> [3,] 0.0204119 -5.34344 6.8147420
86,87c86,87
< [1,] 7.4008137 -7.25886 0.0763715
< [2,] -7.2588630 11.91110 -5.3898491
---
> [1,] 7.4008136 -7.25886 0.0763715
> [2,] -7.2588629 11.91110 -5.3898490
111c111
< [2,] -6.6156657 11.346062 -5.4359093
---
> [2,] -6.6156658 11.346062 -5.4359093
116c116
< [1,] 6.6254802 -6.577171 0.1320888
---
> [1,] 6.6254801 -6.577171 0.1320888
123c123
< [2,] -6.5544665 11.290226 -5.4386449
---
> [2,] -6.5544665 11.290226 -5.4386448
Running ‘sim-ex.R’ [0s/0s]
Comparing ‘sim-ex.Rout’ to ‘sim-ex.Rout.save’ ... OK
Running ‘spec-ex.R’ [2s/2s]
Flavor: r-devel-macos-arm64
Version: 1.1-3
Check: tests
Result: NOTE
Running ‘FEXP-ex.R’ [0s/1s]
Comparing ‘FEXP-ex.Rout’ to ‘FEXP-ex.Rout.save’ ... OK
Running ‘ceta-ex.R’ [1s/1s]
Comparing ‘ceta-ex.Rout’ to ‘ceta-ex.Rout.save’ ...50,52c50,52
< [1,] 48.38107 -34.462290 -9.905990
< [2,] -34.46229 30.099223 1.088373
< [3,] -9.90599 1.088373 9.427214
---
> [1,] 48.38107 -34.462292 -9.905990
> [2,] -34.46229 30.099224 1.088373
> [3,] -9.90599 1.088373 9.427213
57,58c57,58
< [2,] -18.819454 20.459929 -3.286045
< [3,] -2.848756 -3.286045 7.425063
---
> [2,] -18.819454 20.459928 -3.286043
> [3,] -2.848756 -3.286043 7.425062
62,64c62,64
< [1,] 14.4889889 -12.799948 -0.9873367
< [2,] -12.7999485 16.255302 -4.5777439
< [3,] -0.9873367 -4.577744 6.9981414
---
> [1,] 14.4889890 -12.799948 -0.9873372
> [2,] -12.7999482 16.255301 -4.5777428
> [3,] -0.9873372 -4.577743 6.9981407
68,70c68,70
< [1,] 10.8095102 -10.026343 -0.3529689
< [2,] -10.0263433 14.162574 -5.0492361
< [3,] -0.3529689 -5.049236 6.8750564
---
> [1,] 10.809510 -10.026343 -0.352969
> [2,] -10.026343 14.162573 -5.049236
> [3,] -0.352969 -5.049236 6.875056
74,76c74,76
< [1,] 8.9759811 -8.57055 -0.0957132
< [2,] -8.5705518 13.00507 -5.2497158
< [3,] -0.0957132 -5.24972 6.8318384
---
> [1,] 8.9759811 -8.57055 -0.0957133
> [2,] -8.5705518 13.00507 -5.2497156
> [3,] -0.0957133 -5.24972 6.8318382
80,82c80,82
< [1,] 7.975422 -7.74585 0.020412
< [2,] -7.745846 12.32434 -5.343443
< [3,] 0.020412 -5.34344 6.814742
---
> [1,] 7.9754221 -7.74585 0.0204119
> [2,] -7.7458459 12.32434 -5.3434429
> [3,] 0.0204119 -5.34344 6.8147420
86,87c86,87
< [1,] 7.4008137 -7.25886 0.0763715
< [2,] -7.2588630 11.91110 -5.3898491
---
> [1,] 7.4008136 -7.25886 0.0763715
> [2,] -7.2588629 11.91110 -5.3898490
111c111
< [2,] -6.6156657 11.346062 -5.4359093
---
> [2,] -6.6156658 11.346062 -5.4359093
116c116
< [1,] 6.6254802 -6.577171 0.1320888
---
> [1,] 6.6254801 -6.577171 0.1320888
123,124c123,124
< [2,] -6.5544665 11.290226 -5.4386449
< [3,] 0.1331318 -5.438645 6.8015201
---
> [2,] -6.5544665 11.290226 -5.4386448
> [3,] 0.1331318 -5.438645 6.8015200
Running ‘sim-ex.R’ [0s/0s]
Comparing ‘sim-ex.Rout’ to ‘sim-ex.Rout.save’ ... OK
Running ‘spec-ex.R’ [2s/3s]
Flavor: r-devel-macos-x86_64
Version: 1.1-3
Check: tests
Result: NOTE
Running 'FEXP-ex.R' [1s]
Comparing 'FEXP-ex.Rout' to 'FEXP-ex.Rout.save' ... OK
Running 'ceta-ex.R' [3s]
Comparing 'ceta-ex.Rout' to 'ceta-ex.Rout.save' ...75c75
< [2,] -8.5705517 13.00507 -5.2497156
---
> [2,] -8.5705518 13.00507 -5.2497156
86c86
< [1,] 7.4008136 -7.25886 0.0763714
---
> [1,] 7.4008136 -7.25886 0.0763715
88c88
< [3,] 0.0763714 -5.38985 6.8074697
---
> [3,] 0.0763715 -5.38985 6.8074697
111c111
< [2,] -6.6156657 11.346062 -5.4359093
---
> [2,] -6.6156658 11.346062 -5.4359093
116c116
< [1,] 6.6254802 -6.577171 0.1320888
---
> [1,] 6.6254801 -6.577171 0.1320888
Running 'sim-ex.R' [0s]
Comparing 'sim-ex.Rout' to 'sim-ex.Rout.save' ... OK
Running 'spec-ex.R' [13s]
Flavor: r-devel-windows-x86_64
These binaries (installable software) and packages are in development.
They may not be fully stable and should be used with caution. We make no claims about them.
Health stats visible at Monitor.