Last updated on 2025-02-02 07:50:14 CET.
Flavor | Version | Tinstall | Tcheck | Ttotal | Status | Flags |
---|---|---|---|---|---|---|
r-devel-linux-x86_64-debian-clang | 0.7.4 | 11.79 | 130.26 | 142.05 | NOTE | |
r-devel-linux-x86_64-debian-gcc | 0.7.4 | 8.79 | 92.93 | 101.72 | NOTE | |
r-devel-linux-x86_64-fedora-clang | 0.7.4 | 234.40 | OK | |||
r-devel-linux-x86_64-fedora-gcc | 0.7.4 | 246.87 | OK | |||
r-devel-windows-x86_64 | 0.7.4 | 14.00 | 133.00 | 147.00 | NOTE | |
r-patched-linux-x86_64 | 0.7.4 | 17.96 | 121.97 | 139.93 | OK | |
r-release-linux-x86_64 | 0.7.4 | 13.19 | 122.52 | 135.71 | OK | |
r-release-macos-arm64 | 0.7.4 | 66.00 | OK | |||
r-release-macos-x86_64 | 0.7.4 | 109.00 | OK | |||
r-release-windows-x86_64 | 0.7.4 | 13.00 | 134.00 | 147.00 | OK | |
r-oldrel-macos-arm64 | 0.7.4 | 73.00 | OK | |||
r-oldrel-macos-x86_64 | 0.7.4 | 123.00 | OK | |||
r-oldrel-windows-x86_64 | 0.7.4 | 18.00 | 168.00 | 186.00 | OK |
Version: 0.7.4
Check: Rd cross-references
Result: NOTE
Found the following Rd file(s) with Rd \link{} targets missing package
anchors:
HMSkew-nonlin.Rd: gnm
RCTrans-nonlin.Rd: gnm
YRCSkew-nonlin.Rd: gnm
anoas.Rd: gnm
assoc.Rd: gnm
hmskew.Rd: gnm
hmskewL.Rd: gnm
rc.Rd: gnm
rcL.Rd: gnm
rcL.trans.Rd: gnm
svyassocmod.Rd: gnm
unidiff.Rd: gnm, checkEstimable, qvcalc
yrcskew.Rd: gnm
Please provide package anchors for all Rd \link{} targets not in the
package itself and the base packages.
Flavors: r-devel-linux-x86_64-debian-clang, r-devel-linux-x86_64-debian-gcc, r-devel-windows-x86_64
These binaries (installable software) and packages are in development.
They may not be fully stable and should be used with caution. We make no claims about them.
Health stats visible at Monitor.