Last updated on 2025-05-15 11:50:05 CEST.
Flavor | Version | Tinstall | Tcheck | Ttotal | Status | Flags |
---|---|---|---|---|---|---|
r-devel-linux-x86_64-debian-clang | 0.9.2 | 1.97 | 25.67 | 27.64 | NOTE | |
r-devel-linux-x86_64-debian-gcc | 0.9.2 | 1.64 | 20.63 | 22.27 | NOTE | |
r-devel-linux-x86_64-fedora-clang | 0.9.2 | 44.29 | OK | |||
r-devel-linux-x86_64-fedora-gcc | 0.9.2 | 56.68 | OK | |||
r-devel-windows-x86_64 | 0.9.2 | 3.00 | 47.00 | 50.00 | OK | |
r-patched-linux-x86_64 | 0.9.2 | 1.72 | 24.30 | 26.02 | OK | |
r-release-linux-x86_64 | 0.9.2 | 1.86 | 24.17 | 26.03 | OK | |
r-release-macos-arm64 | 0.9.2 | 28.00 | OK | |||
r-release-macos-x86_64 | 0.9.2 | 44.00 | OK | |||
r-release-windows-x86_64 | 0.9.2 | 3.00 | 47.00 | 50.00 | OK | |
r-oldrel-macos-arm64 | 0.9.2 | 24.00 | OK | |||
r-oldrel-macos-x86_64 | 0.9.2 | 35.00 | OK | |||
r-oldrel-windows-x86_64 | 0.9.2 | 3.00 | 52.00 | 55.00 | OK |
Version: 0.9.2
Check: CRAN incoming feasibility
Result: NOTE
Maintainer: ‘Alexander Rix <alexrix@umich.edu>’
Found the following URLs which should use \doi (with the DOI name only):
File ‘clmi.Rd’:
https://doi.org/10.1097/EDE.0000000000001052
Flavors: r-devel-linux-x86_64-debian-clang, r-devel-linux-x86_64-debian-gcc
These binaries (installable software) and packages are in development.
They may not be fully stable and should be used with caution. We make no claims about them.
Health stats visible at Monitor.