CRAN Package Check Results for Package localFDA

Last updated on 2025-05-15 11:50:05 CEST.

Flavor Version Tinstall Tcheck Ttotal Status Flags
r-devel-linux-x86_64-debian-clang 1.0.0 1.98 26.98 28.96 NOTE
r-devel-linux-x86_64-debian-gcc 1.0.0 1.66 19.89 21.55 NOTE
r-devel-linux-x86_64-fedora-clang 1.0.0 45.08 OK
r-devel-linux-x86_64-fedora-gcc 1.0.0 44.35 OK
r-devel-windows-x86_64 1.0.0 3.00 48.00 51.00 OK
r-patched-linux-x86_64 1.0.0 1.85 25.44 27.29 OK
r-release-linux-x86_64 1.0.0 1.84 25.57 27.41 OK
r-release-macos-arm64 1.0.0 21.00 OK
r-release-macos-x86_64 1.0.0 31.00 OK
r-release-windows-x86_64 1.0.0 4.00 50.00 54.00 OK
r-oldrel-macos-arm64 1.0.0 17.00 OK
r-oldrel-macos-x86_64 1.0.0 28.00 OK
r-oldrel-windows-x86_64 1.0.0 3.00 47.00 50.00 OK

Check Details

Version: 1.0.0
Check: CRAN incoming feasibility
Result: NOTE Maintainer: ‘Antonio Elías <antonioefz91@gmail.com>’ The Description field contains <arXiv:2007.16059>. Please refer to arXiv e-prints via their arXiv DOI <doi:10.48550/arXiv.YYMM.NNNNN>. The BugReports field in DESCRIPTION has https://github.com/aefdz/localFDA which should likely be https://github.com/aefdz/localFDA/issues instead. Flavors: r-devel-linux-x86_64-debian-clang, r-devel-linux-x86_64-debian-gcc

These binaries (installable software) and packages are in development.
They may not be fully stable and should be used with caution. We make no claims about them.
Health stats visible at Monitor.