Last updated on 2025-10-31 01:49:02 CET.
| Flavor | Version | Tinstall | Tcheck | Ttotal | Status | Flags | 
|---|---|---|---|---|---|---|
| r-devel-linux-x86_64-debian-clang | 1.9 | 58.45 | 95.59 | 154.04 | NOTE | |
| r-devel-linux-x86_64-debian-gcc | 1.9 | 50.21 | 73.47 | 123.68 | NOTE | |
| r-devel-linux-x86_64-fedora-clang | 1.9 | 122.00 | 122.37 | 244.37 | OK | |
| r-devel-linux-x86_64-fedora-gcc | 1.9 | 138.00 | 120.81 | 258.81 | OK | |
| r-devel-windows-x86_64 | 1.9 | 61.00 | 123.00 | 184.00 | OK | |
| r-patched-linux-x86_64 | 1.9 | 64.55 | 95.29 | 159.84 | OK | |
| r-release-linux-x86_64 | 1.9 | 62.65 | 94.67 | 157.32 | OK | |
| r-release-macos-arm64 | 1.9 | 25.00 | 39.00 | 64.00 | OK | |
| r-release-macos-x86_64 | 1.9 | 59.00 | 82.00 | 141.00 | OK | |
| r-release-windows-x86_64 | 1.9 | 63.00 | 121.00 | 184.00 | OK | |
| r-oldrel-macos-arm64 | 1.9 | 28.00 | 38.00 | 66.00 | NOTE | |
| r-oldrel-macos-x86_64 | 1.9 | 38.00 | 53.00 | 91.00 | NOTE | |
| r-oldrel-windows-x86_64 | 1.9 | 74.00 | 156.00 | 230.00 | OK | 
Version: 1.9
Check: CRAN incoming feasibility
Result: NOTE
  Maintainer: ‘Georg Hahn <ghahn@hsph.harvard.edu>’
  
  No Authors@R field in DESCRIPTION.
  Please add one, modifying
    Authors@R: c(person(given = "Georg",
                        family = "Hahn",
                        role = c("aut", "cre"),
                        email = "ghahn@hsph.harvard.edu"),
                 person(given = c("Sharon", "M."),
                        family = "Lutz",
                        role = "ctb"),
                 person(given = "Christoph",
                        family = "Lange",
                        role = "ctb"))
  as necessary.
Flavors: r-devel-linux-x86_64-debian-clang, r-devel-linux-x86_64-debian-gcc
Version: 1.9
Check: installed package size
Result: NOTE
    installed size is 27.9Mb
    sub-directories of 1Mb or more:
      libs  27.8Mb
Flavors: r-oldrel-macos-arm64, r-oldrel-macos-x86_64
These binaries (installable software) and packages are in development.
They may not be fully stable and should be used with caution. We make no claims about them.
Health stats visible at Monitor.