CRAN Package Check Results for Package locStra

Last updated on 2025-05-07 22:48:31 CEST.

Flavor Version Tinstall Tcheck Ttotal Status Flags
r-devel-linux-x86_64-debian-clang 1.9 57.69 88.12 145.81 NOTE
r-devel-linux-x86_64-debian-gcc 1.9 48.12 67.34 115.46 NOTE
r-devel-linux-x86_64-fedora-clang 1.9 218.42 OK
r-devel-linux-x86_64-fedora-gcc 1.9 267.08 OK
r-devel-windows-x86_64 1.9 60.00 117.00 177.00 OK
r-patched-linux-x86_64 1.9 61.68 87.18 148.86 OK
r-release-linux-x86_64 1.9 62.38 86.81 149.19 OK
r-release-macos-arm64 1.9 64.00 OK
r-release-macos-x86_64 1.9 141.00 OK
r-release-windows-x86_64 1.9 59.00 118.00 177.00 OK
r-oldrel-macos-arm64 1.9 66.00 NOTE
r-oldrel-macos-x86_64 1.9 91.00 NOTE
r-oldrel-windows-x86_64 1.9 73.00 145.00 218.00 OK

Check Details

Version: 1.9
Check: CRAN incoming feasibility
Result: NOTE Maintainer: ‘Georg Hahn <ghahn@hsph.harvard.edu>’ No Authors@R field in DESCRIPTION. Please add one, modifying Authors@R: c(person(given = "Georg", family = "Hahn", role = c("aut", "cre"), email = "ghahn@hsph.harvard.edu"), person(given = c("Sharon", "M."), family = "Lutz", role = "ctb"), person(given = "Christoph", family = "Lange", role = "ctb")) as necessary. Flavors: r-devel-linux-x86_64-debian-clang, r-devel-linux-x86_64-debian-gcc

Version: 1.9
Check: installed package size
Result: NOTE installed size is 27.9Mb sub-directories of 1Mb or more: libs 27.8Mb Flavors: r-oldrel-macos-arm64, r-oldrel-macos-x86_64

These binaries (installable software) and packages are in development.
They may not be fully stable and should be used with caution. We make no claims about them.
Health stats visible at Monitor.