CRAN Package Check Results for Package lnmCluster

Last updated on 2025-05-17 13:49:42 CEST.

Flavor Version Tinstall Tcheck Ttotal Status Flags
r-devel-linux-x86_64-debian-clang 0.3.1 12.19 168.05 180.24 NOTE
r-devel-linux-x86_64-debian-gcc 0.3.1 9.70 92.71 102.41 NOTE
r-devel-linux-x86_64-fedora-clang 0.3.1 308.20 OK
r-devel-linux-x86_64-fedora-gcc 0.3.1 292.69 OK
r-devel-windows-x86_64 0.3.1 19.00 180.00 199.00 OK
r-patched-linux-x86_64 0.3.1 13.90 155.08 168.98 OK
r-release-linux-x86_64 0.3.1 11.85 155.86 167.71 OK
r-release-macos-arm64 0.3.1 102.00 OK
r-release-macos-x86_64 0.3.1 210.00 OK
r-release-windows-x86_64 0.3.1 19.00 177.00 196.00 OK
r-oldrel-macos-arm64 0.3.1 68.00 OK
r-oldrel-macos-x86_64 0.3.1 124.00 OK
r-oldrel-windows-x86_64 0.3.1 21.00 240.00 261.00 OK

Check Details

Version: 0.3.1
Check: CRAN incoming feasibility
Result: NOTE Maintainer: ‘Wangshu Tu <wangshu.tu@carleton.ca>’ The Description field contains <arXiv:2011.06682>, and is designed for clustering compositional data. in papers: Tu and Subedi (2021) <arXiv:2101.01871> and Tu and Subedi Please refer to arXiv e-prints via their arXiv DOI <doi:10.48550/arXiv.YYMM.NNNNN>. Flavors: r-devel-linux-x86_64-debian-clang, r-devel-linux-x86_64-debian-gcc

These binaries (installable software) and packages are in development.
They may not be fully stable and should be used with caution. We make no claims about them.
Health stats visible at Monitor.