Last updated on 2025-05-08 07:52:35 CEST.
Flavor | Version | Tinstall | Tcheck | Ttotal | Status | Flags |
---|---|---|---|---|---|---|
r-devel-linux-x86_64-debian-clang | 0.2.0 | 8.64 | 72.52 | 81.16 | NOTE | |
r-devel-linux-x86_64-debian-gcc | 0.2.0 | 7.06 | 55.30 | 62.36 | NOTE | |
r-devel-linux-x86_64-fedora-clang | 0.2.0 | 125.65 | NOTE | |||
r-devel-linux-x86_64-fedora-gcc | 0.2.0 | 122.44 | NOTE | |||
r-devel-windows-x86_64 | 0.2.0 | 11.00 | 84.00 | 95.00 | OK | |
r-patched-linux-x86_64 | 0.2.0 | 8.50 | 67.79 | 76.29 | OK | |
r-release-linux-x86_64 | 0.2.0 | 8.46 | 68.09 | 76.55 | OK | |
r-release-macos-arm64 | 0.2.0 | 38.00 | OK | |||
r-release-macos-x86_64 | 0.2.0 | 65.00 | OK | |||
r-release-windows-x86_64 | 0.2.0 | 12.00 | 86.00 | 98.00 | OK | |
r-oldrel-macos-arm64 | 0.2.0 | 35.00 | NOTE | |||
r-oldrel-macos-x86_64 | 0.2.0 | 52.00 | NOTE | |||
r-oldrel-windows-x86_64 | 0.2.0 | 14.00 | 103.00 | 117.00 | NOTE |
Version: 0.2.0
Check: CRAN incoming feasibility
Result: NOTE
Maintainer: ‘Francesco Pauli <francesco.pauli@deams.units.it>’
No Authors@R field in DESCRIPTION.
Please add one, modifying
Authors@R: person(given = "Francesco",
family = "Pauli",
role = c("aut", "cre"),
email = "francesco.pauli@deams.units.it",
comment = "see file LICENSEMEDIA for credits on sounds and images")
as necessary.
Flavors: r-devel-linux-x86_64-debian-clang, r-devel-linux-x86_64-debian-gcc
Version: 0.2.0
Check: dependencies in R code
Result: NOTE
Namespace in Imports field not imported from: ‘shinyjs’
All declared Imports should be used.
Flavors: r-devel-linux-x86_64-fedora-clang, r-devel-linux-x86_64-fedora-gcc
Version: 0.2.0
Check: LazyData
Result: NOTE
'LazyData' is specified without a 'data' directory
Flavors: r-oldrel-macos-arm64, r-oldrel-macos-x86_64, r-oldrel-windows-x86_64
These binaries (installable software) and packages are in development.
They may not be fully stable and should be used with caution. We make no claims about them.
Health stats visible at Monitor.