Last updated on 2025-02-23 19:51:09 CET.
Flavor | Version | Tinstall | Tcheck | Ttotal | Status | Flags |
---|---|---|---|---|---|---|
r-devel-linux-x86_64-debian-clang | 0.1 | 1.56 | 18.77 | 20.33 | NOTE | |
r-devel-linux-x86_64-debian-gcc | 0.1 | 1.28 | 15.27 | 16.55 | NOTE | |
r-devel-linux-x86_64-fedora-clang | 0.1 | 31.94 | NOTE | |||
r-devel-linux-x86_64-fedora-gcc | 0.1 | 30.65 | NOTE | |||
r-devel-macos-arm64 | 0.1 | 15.00 | NOTE | |||
r-devel-macos-x86_64 | 0.1 | 24.00 | NOTE | |||
r-devel-windows-x86_64 | 0.1 | 3.00 | 45.00 | 48.00 | NOTE | |
r-patched-linux-x86_64 | 0.1 | 1.44 | 17.87 | 19.31 | NOTE | |
r-release-linux-x86_64 | 0.1 | 1.55 | 18.17 | 19.72 | NOTE | |
r-release-macos-arm64 | 0.1 | 15.00 | NOTE | |||
r-release-macos-x86_64 | 0.1 | 20.00 | NOTE | |||
r-release-windows-x86_64 | 0.1 | 2.00 | 42.00 | 44.00 | NOTE | |
r-oldrel-macos-arm64 | 0.1 | 15.00 | OK | |||
r-oldrel-macos-x86_64 | 0.1 | 29.00 | OK | |||
r-oldrel-windows-x86_64 | 0.1 | 3.00 | 40.00 | 43.00 | OK |
Version: 0.1
Check: Rd files
Result: NOTE
checkRd: (-1) robfmtest.Rd:24: Lost braces; missing escapes or markup?
24 | an optional data frame containing the variables in the model. If not found in data, the variables are taken from \code{environment(formula)}, typically the environment from which {robfmtest} is called.
| ^
checkRd: (-1) robfmtest.Rd:37: Lost braces; missing escapes or markup?
37 | Since the classical tests including {resettest}, {raintest} and {harvtest} implemented in {lmtest} are not resistant to outliers and can become misleading even in the presence of one outlier, we provide a test which is resistant to outliers. The price to pay for robustness is a small loss of power, when the model holds exactly.
| ^
checkRd: (-1) robfmtest.Rd:37: Lost braces; missing escapes or markup?
37 | Since the classical tests including {resettest}, {raintest} and {harvtest} implemented in {lmtest} are not resistant to outliers and can become misleading even in the presence of one outlier, we provide a test which is resistant to outliers. The price to pay for robustness is a small loss of power, when the model holds exactly.
| ^
checkRd: (-1) robfmtest.Rd:37: Lost braces; missing escapes or markup?
37 | Since the classical tests including {resettest}, {raintest} and {harvtest} implemented in {lmtest} are not resistant to outliers and can become misleading even in the presence of one outlier, we provide a test which is resistant to outliers. The price to pay for robustness is a small loss of power, when the model holds exactly.
| ^
checkRd: (-1) robfmtest.Rd:37: Lost braces; missing escapes or markup?
37 | Since the classical tests including {resettest}, {raintest} and {harvtest} implemented in {lmtest} are not resistant to outliers and can become misleading even in the presence of one outlier, we provide a test which is resistant to outliers. The price to pay for robustness is a small loss of power, when the model holds exactly.
| ^
Flavors: r-devel-linux-x86_64-debian-clang, r-devel-linux-x86_64-debian-gcc, r-devel-linux-x86_64-fedora-clang, r-devel-linux-x86_64-fedora-gcc, r-devel-macos-arm64, r-devel-macos-x86_64, r-devel-windows-x86_64, r-patched-linux-x86_64, r-release-linux-x86_64, r-release-macos-arm64, r-release-macos-x86_64, r-release-windows-x86_64
These binaries (installable software) and packages are in development.
They may not be fully stable and should be used with caution. We make no claims about them.
Health stats visible at Monitor.