CRAN Package Check Results for Package lmridge

Last updated on 2025-05-15 07:49:43 CEST.

Flavor Version Tinstall Tcheck Ttotal Status Flags
r-devel-linux-x86_64-debian-clang 1.2.2 2.95 32.69 35.64 NOTE
r-devel-linux-x86_64-debian-gcc 1.2.2 2.34 24.15 26.49 NOTE
r-devel-linux-x86_64-fedora-clang 1.2.2 55.17 NOTE
r-devel-linux-x86_64-fedora-gcc 1.2.2 52.60 NOTE
r-devel-windows-x86_64 1.2.2 4.00 54.00 58.00 NOTE
r-patched-linux-x86_64 1.2.2 3.85 30.04 33.89 NOTE
r-release-linux-x86_64 1.2.2 2.77 30.40 33.17 NOTE
r-release-macos-arm64 1.2.2 NOTE
r-release-macos-x86_64 1.2.2 39.00 NOTE
r-release-windows-x86_64 1.2.2 6.00 56.00 62.00 NOTE
r-oldrel-macos-arm64 1.2.2 18.00 NOTE
r-oldrel-macos-x86_64 1.2.2 38.00 NOTE
r-oldrel-windows-x86_64 1.2.2 4.00 52.00 56.00 NOTE

Check Details

Version: 1.2.2
Check: CRAN incoming feasibility
Result: NOTE Maintainer: ‘Imdad Ullah Muhammad <mimdadasad@gmail.com>’ Package CITATION file contains call(s) to old-style personList() or as.personList(). Please use c() on person objects instead. Package CITATION file contains call(s) to old-style citEntry(). Please use bibentry() instead. Flavors: r-devel-linux-x86_64-debian-clang, r-devel-linux-x86_64-debian-gcc

Version: 1.2.2
Check: Rd files
Result: NOTE checkRd: (-1) vcov.Rd:20: Lost braces 20 | A list of matrix of estimated covariances in the linear ridge regression model for scalar or vector biasing parameter \code{K}{K} is produced. Each list element has row and column names corresponding to the parameter names given by the \code{coef(mod)}. List items are named correspond to values of biasing parameter \eqn{K}{K}.} | ^ Flavors: r-devel-linux-x86_64-debian-clang, r-devel-linux-x86_64-debian-gcc, r-devel-linux-x86_64-fedora-clang, r-devel-linux-x86_64-fedora-gcc, r-devel-windows-x86_64, r-patched-linux-x86_64, r-release-linux-x86_64, r-release-macos-arm64, r-release-macos-x86_64, r-release-windows-x86_64, r-oldrel-macos-arm64, r-oldrel-macos-x86_64, r-oldrel-windows-x86_64

These binaries (installable software) and packages are in development.
They may not be fully stable and should be used with caution. We make no claims about them.
Health stats visible at Monitor.