Last updated on 2025-02-08 19:49:22 CET.
Flavor | Version | Tinstall | Tcheck | Ttotal | Status | Flags |
---|---|---|---|---|---|---|
r-devel-linux-x86_64-debian-clang | 1.1.2 | 2.75 | 27.31 | 30.06 | NOTE | |
r-devel-linux-x86_64-debian-gcc | 1.1.2 | 1.73 | 20.58 | 22.31 | NOTE | |
r-devel-linux-x86_64-fedora-clang | 1.1.2 | 49.95 | NOTE | |||
r-devel-linux-x86_64-fedora-gcc | 1.1.2 | 45.44 | NOTE | |||
r-devel-windows-x86_64 | 1.1.2 | 3.00 | 50.00 | 53.00 | NOTE | |
r-patched-linux-x86_64 | 1.1.2 | 2.78 | 25.44 | 28.22 | NOTE | |
r-release-linux-x86_64 | 1.1.2 | 1.90 | 25.61 | 27.51 | NOTE | |
r-release-macos-arm64 | 1.1.2 | 17.00 | NOTE | |||
r-release-macos-x86_64 | 1.1.2 | 26.00 | NOTE | |||
r-release-windows-x86_64 | 1.1.2 | 4.00 | 48.00 | 52.00 | NOTE | |
r-oldrel-macos-arm64 | 1.1.2 | 18.00 | NOTE | |||
r-oldrel-macos-x86_64 | 1.1.2 | 26.00 | NOTE | |||
r-oldrel-windows-x86_64 | 1.1.2 | 4.00 | 51.00 | 55.00 | NOTE |
Version: 1.1.2
Check: Rd files
Result: NOTE
checkRd: (-1) lstats.liu.Rd:41: Escaped LaTeX specials: \&
checkRd: (-1) vcov.liu.Rd:20: Lost braces
20 | A list of matrix of estimated covariances in the linear Liu regression model for scalar or vector biasing parameter \code{d}{d} is produced. Each list element has row and column names corresponding to the parameter names given by the \code{coef(mod)}. List items are named correspond to values of biasing parameter \eqn{d}{d}.}
| ^
Flavors: r-devel-linux-x86_64-debian-clang, r-devel-linux-x86_64-debian-gcc, r-devel-linux-x86_64-fedora-clang, r-devel-linux-x86_64-fedora-gcc, r-devel-windows-x86_64, r-patched-linux-x86_64, r-release-linux-x86_64, r-release-macos-arm64, r-release-macos-x86_64, r-release-windows-x86_64
Version: 1.1.2
Check: Rd files
Result: NOTE
checkRd: (-1) lstats.liu.Rd:41: Escaped LaTeX specials: \&
Flavors: r-oldrel-macos-arm64, r-oldrel-macos-x86_64, r-oldrel-windows-x86_64
These binaries (installable software) and packages are in development.
They may not be fully stable and should be used with caution. We make no claims about them.
Health stats visible at Monitor.