CRAN Package Check Results for Package lipidomeR

Last updated on 2025-05-17 15:50:46 CEST.

Flavor Version Tinstall Tcheck Ttotal Status Flags
r-devel-linux-x86_64-debian-clang 0.1.2 12.17 110.67 122.84 NOTE
r-devel-linux-x86_64-debian-gcc 0.1.2 9.09 77.48 86.57 NOTE
r-devel-linux-x86_64-fedora-clang 0.1.2 193.59 OK
r-devel-linux-x86_64-fedora-gcc 0.1.2 188.97 OK
r-devel-windows-x86_64 0.1.2 13.00 106.00 119.00 OK
r-patched-linux-x86_64 0.1.2 12.59 103.18 115.77 OK
r-release-linux-x86_64 0.1.2 11.17 101.97 113.14 OK
r-release-macos-arm64 0.1.2 48.00 OK
r-release-macos-x86_64 0.1.2 89.00 OK
r-release-windows-x86_64 0.1.2 14.00 108.00 122.00 OK
r-oldrel-macos-arm64 0.1.2 49.00 OK
r-oldrel-macos-x86_64 0.1.2 71.00 OK
r-oldrel-windows-x86_64 0.1.2 18.00 133.00 151.00 OK

Check Details

Version: 0.1.2
Check: CRAN incoming feasibility
Result: NOTE Maintainer: ‘Tommi Suvitaival <TSUV0001@RegionH.DK>’ Found the following URLs which should use \doi (with the DOI name only): File ‘cancerlipidome.Rd’: http://dx.doi.org/10.21228/M8RX01 https://doi.org/10.3390/metabo8030041 File ‘humanlipidome.Rd’: http://dx.doi.org/10.21228/M8MW26 https://doi.org/10.1194/jlr.M009449 File ‘liverlipidome.Rd’: http://dx.doi.org/10.21228/M8MW26 https://dx.doi.org/10.1194/jlr.P056002 Flavors: r-devel-linux-x86_64-debian-clang, r-devel-linux-x86_64-debian-gcc

These binaries (installable software) and packages are in development.
They may not be fully stable and should be used with caution. We make no claims about them.
Health stats visible at Monitor.