CRAN Package Check Results for Package limorhyde

Last updated on 2025-05-15 09:52:27 CEST.

Flavor Version Tinstall Tcheck Ttotal Status Flags
r-devel-linux-x86_64-debian-clang 1.0.1 1.58 35.74 37.32 OK
r-devel-linux-x86_64-debian-gcc 1.0.1 1.31 26.61 27.92 OK
r-devel-linux-x86_64-fedora-clang 1.0.1 57.10 OK
r-devel-linux-x86_64-fedora-gcc 1.0.1 68.19 OK
r-devel-windows-x86_64 1.0.1 3.00 53.00 56.00 OK
r-patched-linux-x86_64 1.0.1 1.66 34.00 35.66 OK
r-release-linux-x86_64 1.0.1 1.60 33.79 35.39 OK
r-release-macos-arm64 1.0.1 24.00 ERROR
r-release-macos-x86_64 1.0.1 48.00 ERROR
r-release-windows-x86_64 1.0.1 4.00 53.00 57.00 OK
r-oldrel-macos-arm64 1.0.1 32.00 ERROR
r-oldrel-macos-x86_64 1.0.1 39.00 OK
r-oldrel-windows-x86_64 1.0.1 3.00 63.00 66.00 OK

Check Details

Version: 1.0.1
Check: re-building of vignette outputs
Result: ERROR Error(s) in re-building vignettes: --- re-building ‘introduction.Rmd’ using rmarkdown Quitting from introduction.Rmd:21-30 [unnamed-chunk-2] ~~~~~~~~~~~~~~~~~~~~~~~~~~~~~~~~~~~~~~~~~~~~~~~~~~~~~~~~~~~~~~~~~~~~~~~~~~~~~~~~ <error/rlang_error> Error in `library()`: ! there is no package called 'org.Mm.eg.db' --- Backtrace: ▆ 1. └─base::library("org.Mm.eg.db") ~~~~~~~~~~~~~~~~~~~~~~~~~~~~~~~~~~~~~~~~~~~~~~~~~~~~~~~~~~~~~~~~~~~~~~~~~~~~~~~~ Error: processing vignette 'introduction.Rmd' failed with diagnostics: there is no package called 'org.Mm.eg.db' --- failed re-building ‘introduction.Rmd’ SUMMARY: processing the following file failed: ‘introduction.Rmd’ Error: Vignette re-building failed. Execution halted Flavors: r-release-macos-arm64, r-release-macos-x86_64

Version: 1.0.1
Check: package dependencies
Result: NOTE Package suggested but not available for checking: ‘org.Mm.eg.db’ Flavor: r-oldrel-macos-arm64

Version: 1.0.1
Check: re-building of vignette outputs
Result: ERROR Error(s) in re-building vignettes: --- re-building ‘introduction.Rmd’ using rmarkdown Quitting from lines 22-30 [unnamed-chunk-2] (introduction.Rmd) Error: processing vignette 'introduction.Rmd' failed with diagnostics: there is no package called 'org.Mm.eg.db' --- failed re-building ‘introduction.Rmd’ SUMMARY: processing the following file failed: ‘introduction.Rmd’ Error: Vignette re-building failed. Execution halted Flavor: r-oldrel-macos-arm64

These binaries (installable software) and packages are in development.
They may not be fully stable and should be used with caution. We make no claims about them.
Health stats visible at Monitor.